{"id":6203,"date":"2026-04-04T17:21:40","date_gmt":"2026-04-04T15:21:40","guid":{"rendered":"https:\/\/clonsuizo.com\/?post_type=product&#038;p=6203"},"modified":"2026-04-15T18:37:45","modified_gmt":"2026-04-15T16:37:45","slug":"rolex-daytona-bai-gang-watchcase","status":"publish","type":"product","link":"https:\/\/clonsuizo.com\/?product=rolex-daytona-bai-gang-watchcase","title":{"rendered":"Rolex Daytona Bai Gang Watchcase"},"content":{"rendered":"<div class=\"flex flex-col gap-1.5 max-w-[85%]\" data-lov-id=\"src\/components\/InlineChatMessage.tsx:288:12\" data-lov-name=\"div\" data-component-path=\"src\/components\/InlineChatMessage.tsx\" data-component-line=\"288\" data-component-file=\"InlineChatMessage.tsx\" data-component-name=\"div\" data-component-content=\"%7B%22className%22%3A%22flex%20flex-col%20gap-1.5%20max-w-%5B85%25%5D%22%7D\">\n<div class=\"text-foreground\" data-lov-id=\"src\/components\/InlineChatMessage.tsx:289:14\" data-lov-name=\"div\" data-component-path=\"src\/components\/InlineChatMessage.tsx\" data-component-line=\"289\" data-component-file=\"InlineChatMessage.tsx\" data-component-name=\"div\" data-component-content=\"%7B%22className%22%3A%22text-foreground%22%7D\">\n<div class=\"flex flex-col gap-1\" data-lov-id=\"src\/components\/InlineChatMessage.tsx:313:18\" data-lov-name=\"div\" data-component-path=\"src\/components\/InlineChatMessage.tsx\" data-component-line=\"313\" data-component-file=\"InlineChatMessage.tsx\" data-component-name=\"div\" data-component-content=\"%7B%22className%22%3A%22flex%20flex-col%20gap-1%22%7D\">\n<div class=\"prose prose-base prose-invert max-w-none text-base leading-relaxed [&amp;_p]:mb-2 [&amp;_p:last-child]:mb-0\" data-lov-id=\"src\/components\/InlineChatMessage.tsx:322:20\" data-lov-name=\"div\" data-component-path=\"src\/components\/InlineChatMessage.tsx\" data-component-line=\"322\" data-component-file=\"InlineChatMessage.tsx\" data-component-name=\"div\" data-component-content=\"%7B%7D\">\n<h1>Rolex Cosmograph Daytona White Dial Steel \u2013 Ref. 116500LN<\/h1>\n<p class=\"mb-2 last:mb-0\" data-lov-id=\"src\/components\/InlineChatMessage.tsx:327:51\" data-lov-name=\"p\" data-component-path=\"src\/components\/InlineChatMessage.tsx\" data-component-line=\"327\" data-component-file=\"InlineChatMessage.tsx\" data-component-name=\"p\" data-component-content=\"%7B%22className%22%3A%22mb-2%20last%3Amb-0%22%7D\"><strong class=\"font-bold\" data-lov-id=\"src\/components\/InlineChatMessage.tsx:328:56\" data-lov-name=\"strong\" data-component-path=\"src\/components\/InlineChatMessage.tsx\" data-component-line=\"328\" data-component-file=\"InlineChatMessage.tsx\" data-component-name=\"strong\" data-component-content=\"%7B%22className%22%3A%22font-bold%22%7D\">R\u00e9plica Suiza 1:1 en acero 904L con esfera blanca y bisel cer\u00e1mico negro \u2014 El cron\u00f3grafo m\u00e1s deseado del mundo<\/strong><\/p>\n<p class=\"mb-2 last:mb-0\" data-lov-id=\"src\/components\/InlineChatMessage.tsx:327:51\" data-lov-name=\"p\" data-component-path=\"src\/components\/InlineChatMessage.tsx\" data-component-line=\"327\" data-component-file=\"InlineChatMessage.tsx\" data-component-name=\"p\" data-component-content=\"%7B%22className%22%3A%22mb-2%20last%3Amb-0%22%7D\">El Daytona con esfera blanca &#8220;Panda&#8221; y bisel Cerachrom negro es, sin duda, el reloj m\u00e1s codiciado de Rolex. Su combinaci\u00f3n de dial blanco con subdiales negros crea el ic\u00f3nico look &#8220;Panda&#8221; que ha generado listas de espera de m\u00e1s de 10 a\u00f1os en concesionarios oficiales. Dise\u00f1ado originalmente para pilotos de carreras, el Daytona es sin\u00f3nimo de velocidad, precisi\u00f3n y estatus absoluto.<\/p>\n<p class=\"mb-2 last:mb-0\" data-lov-id=\"src\/components\/InlineChatMessage.tsx:327:51\" data-lov-name=\"p\" data-component-path=\"src\/components\/InlineChatMessage.tsx\" data-component-line=\"327\" data-component-file=\"InlineChatMessage.tsx\" data-component-name=\"p\" data-component-content=\"%7B%22className%22%3A%22mb-2%20last%3Amb-0%22%7D\">La referencia 116500LN revolucion\u00f3 el Daytona al introducir por primera vez el bisel cer\u00e1mico, elevando su est\u00e9tica y resistencia a otro nivel.<\/p>\n<hr \/>\n<h2>Caracter\u00edsticas:<\/h2>\n<ul>\n<li><strong class=\"font-bold\" data-lov-id=\"src\/components\/InlineChatMessage.tsx:328:56\" data-lov-name=\"strong\" data-component-path=\"src\/components\/InlineChatMessage.tsx\" data-component-line=\"328\" data-component-file=\"InlineChatMessage.tsx\" data-component-name=\"strong\" data-component-content=\"%7B%22className%22%3A%22font-bold%22%7D\">Caja:<\/strong>\u00a040 mm, acero inoxidable 904L<\/li>\n<li><strong class=\"font-bold\" data-lov-id=\"src\/components\/InlineChatMessage.tsx:328:56\" data-lov-name=\"strong\" data-component-path=\"src\/components\/InlineChatMessage.tsx\" data-component-line=\"328\" data-component-file=\"InlineChatMessage.tsx\" data-component-name=\"strong\" data-component-content=\"%7B%22className%22%3A%22font-bold%22%7D\">Cristal:<\/strong>\u00a0Zafiro antirreflejos<\/li>\n<li><strong class=\"font-bold\" data-lov-id=\"src\/components\/InlineChatMessage.tsx:328:56\" data-lov-name=\"strong\" data-component-path=\"src\/components\/InlineChatMessage.tsx\" data-component-line=\"328\" data-component-file=\"InlineChatMessage.tsx\" data-component-name=\"strong\" data-component-content=\"%7B%22className%22%3A%22font-bold%22%7D\">Grabado l\u00e1ser en el cristal a la altura del \u00edndice de las 6 (corona Rolex)<\/strong><\/li>\n<li><strong class=\"font-bold\" data-lov-id=\"src\/components\/InlineChatMessage.tsx:328:56\" data-lov-name=\"strong\" data-component-path=\"src\/components\/InlineChatMessage.tsx\" data-component-line=\"328\" data-component-file=\"InlineChatMessage.tsx\" data-component-name=\"strong\" data-component-content=\"%7B%22className%22%3A%22font-bold%22%7D\">Movimiento:<\/strong>\u00a0Autom\u00e1tico clonado Cal. 4130 (seg\u00fan calidad)<\/li>\n<li><strong class=\"font-bold\" data-lov-id=\"src\/components\/InlineChatMessage.tsx:328:56\" data-lov-name=\"strong\" data-component-path=\"src\/components\/InlineChatMessage.tsx\" data-component-line=\"328\" data-component-file=\"InlineChatMessage.tsx\" data-component-name=\"strong\" data-component-content=\"%7B%22className%22%3A%22font-bold%22%7D\">Reserva de marcha:<\/strong>\u00a072 horas<\/li>\n<li><strong class=\"font-bold\" data-lov-id=\"src\/components\/InlineChatMessage.tsx:328:56\" data-lov-name=\"strong\" data-component-path=\"src\/components\/InlineChatMessage.tsx\" data-component-line=\"328\" data-component-file=\"InlineChatMessage.tsx\" data-component-name=\"strong\" data-component-content=\"%7B%22className%22%3A%22font-bold%22%7D\">Funciones:<\/strong>\u00a0Hora, minutos, segundero central, cron\u00f3grafo con 3 subdiales (segundero continuo, contador de 30 minutos, contador de 12 horas)<\/li>\n<li><strong class=\"font-bold\" data-lov-id=\"src\/components\/InlineChatMessage.tsx:328:56\" data-lov-name=\"strong\" data-component-path=\"src\/components\/InlineChatMessage.tsx\" data-component-line=\"328\" data-component-file=\"InlineChatMessage.tsx\" data-component-name=\"strong\" data-component-content=\"%7B%22className%22%3A%22font-bold%22%7D\">Cron\u00f3grafo:<\/strong>\u00a0Decorativo en calidades AAA+ y CLON \/\u00a0<strong class=\"font-bold\" data-lov-id=\"src\/components\/InlineChatMessage.tsx:328:56\" data-lov-name=\"strong\" data-component-path=\"src\/components\/InlineChatMessage.tsx\" data-component-line=\"328\" data-component-file=\"InlineChatMessage.tsx\" data-component-name=\"strong\" data-component-content=\"%7B%22className%22%3A%22font-bold%22%7D\">Totalmente funcional en SUPERCLON<\/strong><\/li>\n<li><strong class=\"font-bold\" data-lov-id=\"src\/components\/InlineChatMessage.tsx:328:56\" data-lov-name=\"strong\" data-component-path=\"src\/components\/InlineChatMessage.tsx\" data-component-line=\"328\" data-component-file=\"InlineChatMessage.tsx\" data-component-name=\"strong\" data-component-content=\"%7B%22className%22%3A%22font-bold%22%7D\">Dial:<\/strong>\u00a0Blanco &#8220;Panda&#8221; con subdiales negros<\/li>\n<li><strong class=\"font-bold\" data-lov-id=\"src\/components\/InlineChatMessage.tsx:328:56\" data-lov-name=\"strong\" data-component-path=\"src\/components\/InlineChatMessage.tsx\" data-component-line=\"328\" data-component-file=\"InlineChatMessage.tsx\" data-component-name=\"strong\" data-component-content=\"%7B%22className%22%3A%22font-bold%22%7D\">Bisel:<\/strong>\u00a0Cerachrom (cer\u00e1mico) negro con escala taquim\u00e9trica grabada<\/li>\n<li><strong class=\"font-bold\" data-lov-id=\"src\/components\/InlineChatMessage.tsx:328:56\" data-lov-name=\"strong\" data-component-path=\"src\/components\/InlineChatMessage.tsx\" data-component-line=\"328\" data-component-file=\"InlineChatMessage.tsx\" data-component-name=\"strong\" data-component-content=\"%7B%22className%22%3A%22font-bold%22%7D\">Agujas:<\/strong>\u00a0Tipo baton con lumen<\/li>\n<li><strong class=\"font-bold\" data-lov-id=\"src\/components\/InlineChatMessage.tsx:328:56\" data-lov-name=\"strong\" data-component-path=\"src\/components\/InlineChatMessage.tsx\" data-component-line=\"328\" data-component-file=\"InlineChatMessage.tsx\" data-component-name=\"strong\" data-component-content=\"%7B%22className%22%3A%22font-bold%22%7D\">\u00cdndices:<\/strong>\u00a0Aplicados con relleno luminiscente<\/li>\n<li><strong class=\"font-bold\" data-lov-id=\"src\/components\/InlineChatMessage.tsx:328:56\" data-lov-name=\"strong\" data-component-path=\"src\/components\/InlineChatMessage.tsx\" data-component-line=\"328\" data-component-file=\"InlineChatMessage.tsx\" data-component-name=\"strong\" data-component-content=\"%7B%22className%22%3A%22font-bold%22%7D\">Pulsera:<\/strong>\u00a0Oyster de acero 904L con cierre Oysterlock y extensi\u00f3n Easylink<\/li>\n<li><strong class=\"font-bold\" data-lov-id=\"src\/components\/InlineChatMessage.tsx:328:56\" data-lov-name=\"strong\" data-component-path=\"src\/components\/InlineChatMessage.tsx\" data-component-line=\"328\" data-component-file=\"InlineChatMessage.tsx\" data-component-name=\"strong\" data-component-content=\"%7B%22className%22%3A%22font-bold%22%7D\">Hermeticidad:<\/strong>\u00a0100 metros<\/li>\n<\/ul>\n<hr \/>\n<h2>Calidades Disponibles:<\/h2>\n<p class=\"mb-2 last:mb-0\" data-lov-id=\"src\/components\/InlineChatMessage.tsx:327:51\" data-lov-name=\"p\" data-component-path=\"src\/components\/InlineChatMessage.tsx\" data-component-line=\"327\" data-component-file=\"InlineChatMessage.tsx\" data-component-name=\"p\" data-component-content=\"%7B%22className%22%3A%22mb-2%20last%3Amb-0%22%7D\"><strong class=\"font-bold\" data-lov-id=\"src\/components\/InlineChatMessage.tsx:328:56\" data-lov-name=\"strong\" data-component-path=\"src\/components\/InlineChatMessage.tsx\" data-component-line=\"328\" data-component-file=\"InlineChatMessage.tsx\" data-component-name=\"strong\" data-component-content=\"%7B%22className%22%3A%22font-bold%22%7D\">AAA+:<\/strong>\u00a0Acero 904L (aleaci\u00f3n baja), bisel cer\u00e1mico, cristal de zafiro, 21,600 alternancias, movimiento b\u00e1sico con adaptadores, cron\u00f3grafo decorativo NO funcional (no recomendable, sin reparaci\u00f3n).<\/p>\n<p class=\"mb-2 last:mb-0\" data-lov-id=\"src\/components\/InlineChatMessage.tsx:327:51\" data-lov-name=\"p\" data-component-path=\"src\/components\/InlineChatMessage.tsx\" data-component-line=\"327\" data-component-file=\"InlineChatMessage.tsx\" data-component-name=\"p\" data-component-content=\"%7B%22className%22%3A%22mb-2%20last%3Amb-0%22%7D\"><strong class=\"font-bold\" data-lov-id=\"src\/components\/InlineChatMessage.tsx:328:56\" data-lov-name=\"strong\" data-component-path=\"src\/components\/InlineChatMessage.tsx\" data-component-line=\"328\" data-component-file=\"InlineChatMessage.tsx\" data-component-name=\"strong\" data-component-content=\"%7B%22className%22%3A%22font-bold%22%7D\">CLON:<\/strong>\u00a0Acero 904L (aleaci\u00f3n media), bisel cer\u00e1mico, cristal de zafiro, Miyota super (Japon\u00e9s, gama alta de Miyota), 21,600 alternancias, cron\u00f3grafo decorativo NO funcional, funcionamiento fiable (reparable).<\/p>\n<p class=\"mb-2 last:mb-0\" data-lov-id=\"src\/components\/InlineChatMessage.tsx:327:51\" data-lov-name=\"p\" data-component-path=\"src\/components\/InlineChatMessage.tsx\" data-component-line=\"327\" data-component-file=\"InlineChatMessage.tsx\" data-component-name=\"p\" data-component-content=\"%7B%22className%22%3A%22mb-2%20last%3Amb-0%22%7D\"><strong class=\"font-bold\" data-lov-id=\"src\/components\/InlineChatMessage.tsx:328:56\" data-lov-name=\"strong\" data-component-path=\"src\/components\/InlineChatMessage.tsx\" data-component-line=\"328\" data-component-file=\"InlineChatMessage.tsx\" data-component-name=\"strong\" data-component-content=\"%7B%22className%22%3A%22font-bold%22%7D\">SUPERCLON:<\/strong>\u00a0Acero 904L (aleaci\u00f3n alta), bisel cer\u00e1mico, cristal de zafiro, maquinaria suiza completamente replicada del original (Cal. 4130), 28,800 alternancias,\u00a0<strong class=\"font-bold\" data-lov-id=\"src\/components\/InlineChatMessage.tsx:328:56\" data-lov-name=\"strong\" data-component-path=\"src\/components\/InlineChatMessage.tsx\" data-component-line=\"328\" data-component-file=\"InlineChatMessage.tsx\" data-component-name=\"strong\" data-component-content=\"%7B%22className%22%3A%22font-bold%22%7D\">cron\u00f3grafo totalmente funcional<\/strong>, funcionamiento id\u00e9ntico al original (reparable).<\/p>\n<hr \/>\n<h2>\u00bfPor qu\u00e9 elegir este modelo?<\/h2>\n<p class=\"mb-2 last:mb-0\" data-lov-id=\"src\/components\/InlineChatMessage.tsx:327:51\" data-lov-name=\"p\" data-component-path=\"src\/components\/InlineChatMessage.tsx\" data-component-line=\"327\" data-component-file=\"InlineChatMessage.tsx\" data-component-name=\"p\" data-component-content=\"%7B%22className%22%3A%22mb-2%20last%3Amb-0%22%7D\">\ud83c\udfc1 El cron\u00f3grafo m\u00e1s ic\u00f3nico y deseado de la historia \ud83d\udc3c Look &#8220;Panda&#8221; \u2014 combinaci\u00f3n blanco\/negro legendaria \u26ab Bisel Cerachrom pr\u00e1cticamente indestructible \ud83d\udd25 Listas de espera de +10 a\u00f1os en original \ud83d\udc8e Presencia y estatus incomparables \ud83c\udfce\ufe0f ADN de carreras \u2014 dise\u00f1ado para la velocidad<\/p>\n<hr \/>\n<h2>\ud83d\ude80 Env\u00edo Seguro + Garant\u00eda Incluida<\/h2>\n<ul>\n<li>Env\u00edo internacional con seguimiento<\/li>\n<li>Garant\u00eda de 30 d\u00edas por defectos de f\u00e1brica<\/li>\n<li>Soporte 24\/7 v\u00eda WhatsApp<\/li>\n<li>Pagos seguros con cifrado SSL<\/li>\n<\/ul>\n<hr \/>\n<p class=\"mb-2 last:mb-0\" data-lov-id=\"src\/components\/InlineChatMessage.tsx:327:51\" data-lov-name=\"p\" data-component-path=\"src\/components\/InlineChatMessage.tsx\" data-component-line=\"327\" data-component-file=\"InlineChatMessage.tsx\" data-component-name=\"p\" data-component-content=\"%7B%22className%22%3A%22mb-2%20last%3Amb-0%22%7D\"><strong class=\"font-bold\" data-lov-id=\"src\/components\/InlineChatMessage.tsx:328:56\" data-lov-name=\"strong\" data-component-path=\"src\/components\/InlineChatMessage.tsx\" data-component-line=\"328\" data-component-file=\"InlineChatMessage.tsx\" data-component-name=\"strong\" data-component-content=\"%7B%22className%22%3A%22font-bold%22%7D\">\ud83c\udfc1 El Daytona Panda \u2014 el rey absoluto de los cron\u00f3grafos.<\/strong><\/p>\n<\/div>\n<\/div>\n<\/div>\n<\/div>\n","protected":false},"excerpt":{"rendered":"<p>Rolex Cosmograph Daytona White Dial Steel \u2013 Ref. 116500LN R\u00e9plica Suiza 1:1 en acero 904L con esfera blanca y bisel cer\u00e1mico negro \u2014 El cron\u00f3grafo m\u00e1s deseado del mundo El Daytona con esfera blanca &#8220;Panda&#8221; y bisel Cerachrom negro es, sin duda, el reloj m\u00e1s codiciado de Rolex. Su combinaci\u00f3n de dial blanco con subdiales [&hellip;]<\/p>\n","protected":false},"featured_media":6222,"template":"","meta":{"_acf_changed":false,"om_disable_all_campaigns":false,"_uag_custom_page_level_css":"","_monsterinsights_skip_tracking":false,"_monsterinsights_sitenote_active":false,"_monsterinsights_sitenote_note":"","_monsterinsights_sitenote_category":0,"site-sidebar-layout":"default","site-content-layout":"","ast-site-content-layout":"default","site-content-style":"default","site-sidebar-style":"default","ast-global-header-display":"","ast-banner-title-visibility":"","ast-main-header-display":"","ast-hfb-above-header-display":"","ast-hfb-below-header-display":"","ast-hfb-mobile-header-display":"","site-post-title":"","ast-breadcrumbs-content":"","ast-featured-img":"","footer-sml-layout":"","theme-transparent-header-meta":"default","adv-header-id-meta":"","stick-header-meta":"","header-above-stick-meta":"","header-main-stick-meta":"","header-below-stick-meta":"","astra-migrate-meta-layouts":"set","ast-page-background-enabled":"default","ast-page-background-meta":{"desktop":{"background-color":"var(--ast-global-color-4)","background-image":"","background-repeat":"repeat","background-position":"center center","background-size":"auto","background-attachment":"scroll","background-type":"","background-media":"","overlay-type":"","overlay-color":"","overlay-opacity":"","overlay-gradient":""},"tablet":{"background-color":"","background-image":"","background-repeat":"repeat","background-position":"center center","background-size":"auto","background-attachment":"scroll","background-type":"","background-media":"","overlay-type":"","overlay-color":"","overlay-opacity":"","overlay-gradient":""},"mobile":{"background-color":"","background-image":"","background-repeat":"repeat","background-position":"center center","background-size":"auto","background-attachment":"scroll","background-type":"","background-media":"","overlay-type":"","overlay-color":"","overlay-opacity":"","overlay-gradient":""}},"ast-content-background-meta":{"desktop":{"background-color":"var(--ast-global-color-5)","background-image":"","background-repeat":"repeat","background-position":"center center","background-size":"auto","background-attachment":"scroll","background-type":"","background-media":"","overlay-type":"","overlay-color":"","overlay-opacity":"","overlay-gradient":""},"tablet":{"background-color":"var(--ast-global-color-5)","background-image":"","background-repeat":"repeat","background-position":"center center","background-size":"auto","background-attachment":"scroll","background-type":"","background-media":"","overlay-type":"","overlay-color":"","overlay-opacity":"","overlay-gradient":""},"mobile":{"background-color":"var(--ast-global-color-5)","background-image":"","background-repeat":"repeat","background-position":"center center","background-size":"auto","background-attachment":"scroll","background-type":"","background-media":"","overlay-type":"","overlay-color":"","overlay-opacity":"","overlay-gradient":""}}},"product_brand":[],"product_cat":[27],"product_tag":[],"class_list":{"0":"post-6203","1":"product","2":"type-product","3":"status-publish","4":"has-post-thumbnail","6":"product_cat-rolex","7":"desktop-align-left","8":"tablet-align-left","9":"mobile-align-left","11":"first","12":"instock","13":"shipping-taxable","14":"purchasable","15":"product-type-variable"},"acf":[],"aioseo_notices":[],"uagb_featured_image_src":{"full":["https:\/\/clonsuizo.com\/wp-content\/uploads\/2026\/04\/AR-Factory-Rolex-Milgauss-M116400GV-0001-Black-Dial-49.png",4096,4096,false],"thumbnail":["https:\/\/clonsuizo.com\/wp-content\/uploads\/2026\/04\/AR-Factory-Rolex-Milgauss-M116400GV-0001-Black-Dial-49-150x150.png",150,150,true],"medium":["https:\/\/clonsuizo.com\/wp-content\/uploads\/2026\/04\/AR-Factory-Rolex-Milgauss-M116400GV-0001-Black-Dial-49-300x300.png",300,300,true],"medium_large":["https:\/\/clonsuizo.com\/wp-content\/uploads\/2026\/04\/AR-Factory-Rolex-Milgauss-M116400GV-0001-Black-Dial-49-768x768.png",768,768,true],"large":["https:\/\/clonsuizo.com\/wp-content\/uploads\/2026\/04\/AR-Factory-Rolex-Milgauss-M116400GV-0001-Black-Dial-49-1024x1024.png",1024,1024,true],"1536x1536":["https:\/\/clonsuizo.com\/wp-content\/uploads\/2026\/04\/AR-Factory-Rolex-Milgauss-M116400GV-0001-Black-Dial-49-1536x1536.png",1536,1536,true],"2048x2048":["https:\/\/clonsuizo.com\/wp-content\/uploads\/2026\/04\/AR-Factory-Rolex-Milgauss-M116400GV-0001-Black-Dial-49-2048x2048.png",2048,2048,true],"mailpoet_newsletter_max":["https:\/\/clonsuizo.com\/wp-content\/uploads\/2026\/04\/AR-Factory-Rolex-Milgauss-M116400GV-0001-Black-Dial-49-1320x1320.png",1320,1320,true],"woocommerce_thumbnail":["https:\/\/clonsuizo.com\/wp-content\/uploads\/2026\/04\/AR-Factory-Rolex-Milgauss-M116400GV-0001-Black-Dial-49-420x420.png",420,420,true],"woocommerce_single":["https:\/\/clonsuizo.com\/wp-content\/uploads\/2026\/04\/AR-Factory-Rolex-Milgauss-M116400GV-0001-Black-Dial-49-380x380.png",380,380,true],"woocommerce_gallery_thumbnail":["https:\/\/clonsuizo.com\/wp-content\/uploads\/2026\/04\/AR-Factory-Rolex-Milgauss-M116400GV-0001-Black-Dial-49-100x100.png",100,100,true],"variation_swatches_image_size":["https:\/\/clonsuizo.com\/wp-content\/uploads\/2026\/04\/AR-Factory-Rolex-Milgauss-M116400GV-0001-Black-Dial-49-50x50.png",50,50,true],"variation_swatches_tooltip_size":["https:\/\/clonsuizo.com\/wp-content\/uploads\/2026\/04\/AR-Factory-Rolex-Milgauss-M116400GV-0001-Black-Dial-49-100x100.png",100,100,true]},"uagb_author_info":{"display_name":"clonsuizo.com","author_link":"https:\/\/clonsuizo.com\/?author=0"},"uagb_comment_info":0,"uagb_excerpt":"Rolex Cosmograph Daytona White Dial Steel \u2013 Ref. 116500LN R\u00e9plica Suiza 1:1 en acero 904L con esfera blanca y bisel cer\u00e1mico negro \u2014 El cron\u00f3grafo m\u00e1s deseado del mundo El Daytona con esfera blanca &#8220;Panda&#8221; y bisel Cerachrom negro es, sin duda, el reloj m\u00e1s codiciado de Rolex. Su combinaci\u00f3n de dial blanco con subdiales&hellip;","_links":{"self":[{"href":"https:\/\/clonsuizo.com\/index.php?rest_route=\/wp\/v2\/product\/6203","targetHints":{"allow":["GET"]}}],"collection":[{"href":"https:\/\/clonsuizo.com\/index.php?rest_route=\/wp\/v2\/product"}],"about":[{"href":"https:\/\/clonsuizo.com\/index.php?rest_route=\/wp\/v2\/types\/product"}],"version-history":[{"count":3,"href":"https:\/\/clonsuizo.com\/index.php?rest_route=\/wp\/v2\/product\/6203\/revisions"}],"predecessor-version":[{"id":6585,"href":"https:\/\/clonsuizo.com\/index.php?rest_route=\/wp\/v2\/product\/6203\/revisions\/6585"}],"wp:featuredmedia":[{"embeddable":true,"href":"https:\/\/clonsuizo.com\/index.php?rest_route=\/wp\/v2\/media\/6222"}],"wp:attachment":[{"href":"https:\/\/clonsuizo.com\/index.php?rest_route=%2Fwp%2Fv2%2Fmedia&parent=6203"}],"wp:term":[{"taxonomy":"product_brand","embeddable":true,"href":"https:\/\/clonsuizo.com\/index.php?rest_route=%2Fwp%2Fv2%2Fproduct_brand&post=6203"},{"taxonomy":"product_cat","embeddable":true,"href":"https:\/\/clonsuizo.com\/index.php?rest_route=%2Fwp%2Fv2%2Fproduct_cat&post=6203"},{"taxonomy":"product_tag","embeddable":true,"href":"https:\/\/clonsuizo.com\/index.php?rest_route=%2Fwp%2Fv2%2Fproduct_tag&post=6203"}],"curies":[{"name":"wp","href":"https:\/\/api.w.org\/{rel}","templated":true}]}}