{"id":5157,"date":"2025-05-16T21:29:31","date_gmt":"2025-05-16T19:29:31","guid":{"rendered":"https:\/\/clonsuizo.com\/?post_type=product&#038;p=5157"},"modified":"2026-04-19T17:24:33","modified_gmt":"2026-04-19T15:24:33","slug":"audemars-piguet-royal-oak-concept-black-panther-edicion-especial-tourbillon","status":"publish","type":"product","link":"https:\/\/clonsuizo.com\/?product=audemars-piguet-royal-oak-concept-black-panther-edicion-especial-tourbillon","title":{"rendered":"Audemars Piguet Royal Oak Concept Black Panther \u2013 Edici\u00f3n Especial Tourbillon"},"content":{"rendered":"<div style=\"width: 1920px;\" class=\"wp-video\"><video class=\"wp-video-shortcode\" id=\"video-5157-1\" width=\"1920\" height=\"1080\" preload=\"metadata\" controls=\"controls\"><source type=\"video\/mp4\" src=\"https:\/\/clonsuizo.es\/wp-content\/uploads\/2025\/05\/CFWW58.mp4?_=1\" \/><a href=\"https:\/\/clonsuizo.es\/wp-content\/uploads\/2025\/05\/CFWW58.mp4\">https:\/\/clonsuizo.es\/wp-content\/uploads\/2025\/05\/CFWW58.mp4<\/a><\/video><\/div>\n<p data-start=\"63\" data-end=\"226\"><strong data-start=\"63\" data-end=\"143\">Audemars Piguet Royal Oak Tourbillon Black Panther Edition \u2013 Purple Titanium<\/strong><br data-start=\"143\" data-end=\"146\" \/><em data-start=\"146\" data-end=\"226\">R\u00e9plica Suiza 1:1 \u2013 Solo disponible en SUPERCLON con tourbillon real funcional<\/em><\/p>\n<p data-start=\"228\" data-end=\"529\">Una de las piezas m\u00e1s exclusivas y llamativas del mundo de la relojer\u00eda. Este Royal Oak edici\u00f3n Black Panther combina arte, ingenier\u00eda y lujo extremo, con una esfera esqueletizada donde el protagonista es la figura tridimensional del superh\u00e9roe junto a un tourbillon completamente visible y funcional.<\/p>\n<hr data-start=\"531\" data-end=\"534\" \/>\n<p data-start=\"536\" data-end=\"556\"><strong data-start=\"536\" data-end=\"556\">Caracter\u00edsticas:<\/strong><\/p>\n<ul data-start=\"557\" data-end=\"1207\">\n<li data-section-id=\"1gxuffu\" data-start=\"557\" data-end=\"605\">Caja: 42 mm, acero\/titanio premium cepillado<\/li>\n<li data-section-id=\"1vzw4x3\" data-start=\"606\" data-end=\"639\">Cristal: Zafiro antirreflejos<\/li>\n<li data-section-id=\"1fq5hql\" data-start=\"640\" data-end=\"716\"><strong data-start=\"642\" data-end=\"714\">Grabado l\u00e1ser en el cristal a la altura del \u00edndice de las 6 (corona)<\/strong><\/li>\n<li data-section-id=\"1jlyzja\" data-start=\"717\" data-end=\"791\">Movimiento: Autom\u00e1tico con <strong data-start=\"746\" data-end=\"789\">tourbillon real completamente funcional<\/strong><\/li>\n<li data-section-id=\"1uw5yf0\" data-start=\"792\" data-end=\"827\">Frecuencia: 28,800 alternancias<\/li>\n<li data-section-id=\"bc8qv0\" data-start=\"828\" data-end=\"877\">Funciones: Hora, minutos y tourbillon visible<\/li>\n<li data-section-id=\"1fcdeu4\" data-start=\"878\" data-end=\"938\">Dial: Esqueleto art\u00edstico con figura Black Panther en 3D<\/li>\n<li data-section-id=\"7undig\" data-start=\"939\" data-end=\"1016\">Tourbillon: Visible a las 6 en punto, <strong data-start=\"979\" data-end=\"1014\">funcional igual que el original<\/strong><\/li>\n<li data-section-id=\"1rkcfvi\" data-start=\"1017\" data-end=\"1070\">Bisel: Octogonal Royal Oak con tornillos visibles<\/li>\n<li data-section-id=\"5g4n8w\" data-start=\"1071\" data-end=\"1103\">Agujas: Tipo baton con lumen<\/li>\n<li data-section-id=\"n9px6c\" data-start=\"1104\" data-end=\"1153\">Correa: Caucho premium en color negro\/p\u00farpura<\/li>\n<li data-section-id=\"ejrsml\" data-start=\"1154\" data-end=\"1176\">Cierre: Deployante<\/li>\n<li data-section-id=\"1jq2f9m\" data-start=\"1177\" data-end=\"1207\">Hermeticidad: 30-50 metros<\/li>\n<\/ul>\n<hr data-start=\"1209\" data-end=\"1212\" \/>\n<p data-start=\"1214\" data-end=\"1237\"><strong data-start=\"1214\" data-end=\"1237\">Calidad Disponible:<\/strong><\/p>\n<ul data-start=\"1239\" data-end=\"1461\">\n<li data-section-id=\"dhpbtd\" data-start=\"1239\" data-end=\"1461\"><strong data-start=\"1241\" data-end=\"1271\">SUPERCLON (\u00daNICA VERSI\u00d3N):<\/strong><br data-start=\"1271\" data-end=\"1274\" \/>Acero\/titanio de alta calidad, maquinaria completamente replicada con tourbillon real,<br data-start=\"1362\" data-end=\"1365\" \/><strong data-start=\"1367\" data-end=\"1438\">misma est\u00e9tica, funcionamiento y complejidad que el modelo original<\/strong>, totalmente reparable.<\/li>\n<\/ul>\n<hr data-start=\"1463\" data-end=\"1466\" \/>\n<p data-start=\"1468\" data-end=\"1650\"><strong data-start=\"1468\" data-end=\"1500\">\u00bfPor qu\u00e9 elegir este modelo?<\/strong><br data-start=\"1500\" data-end=\"1503\" \/>\ud83d\udfe3 Dise\u00f1o \u00fanico y ultra exclusivo<br data-start=\"1536\" data-end=\"1539\" \/>\ud83e\udde0 Ingenier\u00eda avanzada con tourbillon real<br data-start=\"1581\" data-end=\"1584\" \/>\ud83e\uddbe Esfera art\u00edstica en 3D<br data-start=\"1609\" data-end=\"1612\" \/>\ud83d\udc8e Pieza de alto impacto y colecci\u00f3n<\/p>\n<hr data-start=\"1652\" data-end=\"1655\" \/>\n<p data-start=\"1657\" data-end=\"1698\">\ud83d\ude80 <strong data-start=\"1660\" data-end=\"1696\">Env\u00edo Seguro + Garant\u00eda Incluida<\/strong><\/p>\n<ul data-start=\"1699\" data-end=\"1810\">\n<li data-section-id=\"1blalr5\" data-start=\"1699\" data-end=\"1738\">Env\u00edo internacional con seguimiento<\/li>\n<li data-section-id=\"k404j6\" data-start=\"1739\" data-end=\"1762\">Garant\u00eda de 30 d\u00edas<\/li>\n<li data-section-id=\"1i2jspg\" data-start=\"1763\" data-end=\"1792\">Soporte 24\/7 v\u00eda WhatsApp<\/li>\n<li data-section-id=\"w4ta14\" data-start=\"1793\" data-end=\"1810\">Pagos seguros<\/li>\n<\/ul>\n<hr data-start=\"1812\" data-end=\"1815\" \/>\n<p data-start=\"1817\" data-end=\"1902\" data-is-last-node=\"\" data-is-only-node=\"\">\ud83d\udd25 <strong data-start=\"1820\" data-end=\"1902\" data-is-last-node=\"\">Una obra de arte en la mu\u00f1eca. Solo para clientes que buscan lo m\u00e1s exclusivo.<\/strong><\/p>\n","protected":false},"excerpt":{"rendered":"<p>Audemars Piguet Royal Oak Tourbillon Black Panther Edition \u2013 Purple TitaniumR\u00e9plica Suiza 1:1 \u2013 Solo disponible en SUPERCLON con tourbillon real funcional Una de las piezas m\u00e1s exclusivas y llamativas del mundo de la relojer\u00eda. Este Royal Oak edici\u00f3n Black Panther combina arte, ingenier\u00eda y lujo extremo, con una esfera esqueletizada donde el protagonista es [&hellip;]<\/p>\n","protected":false},"featured_media":5332,"template":"","meta":{"_acf_changed":false,"om_disable_all_campaigns":false,"_uag_custom_page_level_css":"","_monsterinsights_skip_tracking":false,"_monsterinsights_sitenote_active":false,"_monsterinsights_sitenote_note":"","_monsterinsights_sitenote_category":0,"site-sidebar-layout":"default","site-content-layout":"","ast-site-content-layout":"default","site-content-style":"default","site-sidebar-style":"default","ast-global-header-display":"","ast-banner-title-visibility":"","ast-main-header-display":"","ast-hfb-above-header-display":"","ast-hfb-below-header-display":"","ast-hfb-mobile-header-display":"","site-post-title":"","ast-breadcrumbs-content":"","ast-featured-img":"","footer-sml-layout":"","ast-disable-related-posts":"","theme-transparent-header-meta":"default","adv-header-id-meta":"","stick-header-meta":"","header-above-stick-meta":"","header-main-stick-meta":"","header-below-stick-meta":"","astra-migrate-meta-layouts":"set","ast-page-background-enabled":"default","ast-page-background-meta":{"desktop":{"background-color":"var(--ast-global-color-4)","background-image":"","background-repeat":"repeat","background-position":"center center","background-size":"auto","background-attachment":"scroll","background-type":"","background-media":"","overlay-type":"","overlay-color":"","overlay-opacity":"","overlay-gradient":""},"tablet":{"background-color":"","background-image":"","background-repeat":"repeat","background-position":"center center","background-size":"auto","background-attachment":"scroll","background-type":"","background-media":"","overlay-type":"","overlay-color":"","overlay-opacity":"","overlay-gradient":""},"mobile":{"background-color":"","background-image":"","background-repeat":"repeat","background-position":"center center","background-size":"auto","background-attachment":"scroll","background-type":"","background-media":"","overlay-type":"","overlay-color":"","overlay-opacity":"","overlay-gradient":""}},"ast-content-background-meta":{"desktop":{"background-color":"var(--ast-global-color-5)","background-image":"","background-repeat":"repeat","background-position":"center center","background-size":"auto","background-attachment":"scroll","background-type":"","background-media":"","overlay-type":"","overlay-color":"","overlay-opacity":"","overlay-gradient":""},"tablet":{"background-color":"var(--ast-global-color-5)","background-image":"","background-repeat":"repeat","background-position":"center center","background-size":"auto","background-attachment":"scroll","background-type":"","background-media":"","overlay-type":"","overlay-color":"","overlay-opacity":"","overlay-gradient":""},"mobile":{"background-color":"var(--ast-global-color-5)","background-image":"","background-repeat":"repeat","background-position":"center center","background-size":"auto","background-attachment":"scroll","background-type":"","background-media":"","overlay-type":"","overlay-color":"","overlay-opacity":"","overlay-gradient":""}}},"product_brand":[],"product_cat":[35],"product_tag":[72,83],"class_list":{"0":"post-5157","1":"product","2":"type-product","3":"status-publish","4":"has-post-thumbnail","6":"product_cat-audemars-piguet","7":"product_tag-audemars-piguet","8":"product_tag-audemars-piguet-royal-oak-concept-black-panther-edicion-especial-tourbillon","9":"desktop-align-left","10":"tablet-align-left","11":"mobile-align-left","13":"first","14":"instock","15":"shipping-taxable","16":"purchasable","17":"product-type-variable"},"acf":[],"uagb_featured_image_src":{"full":["https:\/\/clonsuizo.com\/wp-content\/uploads\/2025\/05\/Rolex-GMT-Master-II-gold-jubilee-2025-05-05T100235.035.png",1030,1030,false],"thumbnail":["https:\/\/clonsuizo.com\/wp-content\/uploads\/2025\/05\/Rolex-GMT-Master-II-gold-jubilee-2025-05-05T100235.035-150x150.png",150,150,true],"medium":["https:\/\/clonsuizo.com\/wp-content\/uploads\/2025\/05\/Rolex-GMT-Master-II-gold-jubilee-2025-05-05T100235.035-300x300.png",300,300,true],"medium_large":["https:\/\/clonsuizo.com\/wp-content\/uploads\/2025\/05\/Rolex-GMT-Master-II-gold-jubilee-2025-05-05T100235.035-768x768.png",768,768,true],"large":["https:\/\/clonsuizo.com\/wp-content\/uploads\/2025\/05\/Rolex-GMT-Master-II-gold-jubilee-2025-05-05T100235.035-1024x1024.png",1024,1024,true],"1536x1536":["https:\/\/clonsuizo.com\/wp-content\/uploads\/2025\/05\/Rolex-GMT-Master-II-gold-jubilee-2025-05-05T100235.035.png",1030,1030,false],"2048x2048":["https:\/\/clonsuizo.com\/wp-content\/uploads\/2025\/05\/Rolex-GMT-Master-II-gold-jubilee-2025-05-05T100235.035.png",1030,1030,false],"mailpoet_newsletter_max":["https:\/\/clonsuizo.com\/wp-content\/uploads\/2025\/05\/Rolex-GMT-Master-II-gold-jubilee-2025-05-05T100235.035.png",1030,1030,false],"woocommerce_thumbnail":["https:\/\/clonsuizo.com\/wp-content\/uploads\/2025\/05\/Rolex-GMT-Master-II-gold-jubilee-2025-05-05T100235.035-420x420.png",420,420,true],"woocommerce_single":["https:\/\/clonsuizo.com\/wp-content\/uploads\/2025\/05\/Rolex-GMT-Master-II-gold-jubilee-2025-05-05T100235.035-380x380.png",380,380,true],"woocommerce_gallery_thumbnail":["https:\/\/clonsuizo.com\/wp-content\/uploads\/2025\/05\/Rolex-GMT-Master-II-gold-jubilee-2025-05-05T100235.035-100x100.png",100,100,true],"variation_swatches_image_size":["https:\/\/clonsuizo.com\/wp-content\/uploads\/2025\/05\/Rolex-GMT-Master-II-gold-jubilee-2025-05-05T100235.035-50x50.png",50,50,true],"variation_swatches_tooltip_size":["https:\/\/clonsuizo.com\/wp-content\/uploads\/2025\/05\/Rolex-GMT-Master-II-gold-jubilee-2025-05-05T100235.035-100x100.png",100,100,true]},"uagb_author_info":{"display_name":"clonsuizo.com","author_link":"https:\/\/clonsuizo.com\/?author=0"},"uagb_comment_info":0,"uagb_excerpt":"Audemars Piguet Royal Oak Tourbillon Black Panther Edition \u2013 Purple TitaniumR\u00e9plica Suiza 1:1 \u2013 Solo disponible en SUPERCLON con tourbillon real funcional Una de las piezas m\u00e1s exclusivas y llamativas del mundo de la relojer\u00eda. Este Royal Oak edici\u00f3n Black Panther combina arte, ingenier\u00eda y lujo extremo, con una esfera esqueletizada donde el protagonista es&hellip;","_links":{"self":[{"href":"https:\/\/clonsuizo.com\/index.php?rest_route=\/wp\/v2\/product\/5157","targetHints":{"allow":["GET"]}}],"collection":[{"href":"https:\/\/clonsuizo.com\/index.php?rest_route=\/wp\/v2\/product"}],"about":[{"href":"https:\/\/clonsuizo.com\/index.php?rest_route=\/wp\/v2\/types\/product"}],"version-history":[{"count":3,"href":"https:\/\/clonsuizo.com\/index.php?rest_route=\/wp\/v2\/product\/5157\/revisions"}],"predecessor-version":[{"id":6048,"href":"https:\/\/clonsuizo.com\/index.php?rest_route=\/wp\/v2\/product\/5157\/revisions\/6048"}],"wp:featuredmedia":[{"embeddable":true,"href":"https:\/\/clonsuizo.com\/index.php?rest_route=\/wp\/v2\/media\/5332"}],"wp:attachment":[{"href":"https:\/\/clonsuizo.com\/index.php?rest_route=%2Fwp%2Fv2%2Fmedia&parent=5157"}],"wp:term":[{"taxonomy":"product_brand","embeddable":true,"href":"https:\/\/clonsuizo.com\/index.php?rest_route=%2Fwp%2Fv2%2Fproduct_brand&post=5157"},{"taxonomy":"product_cat","embeddable":true,"href":"https:\/\/clonsuizo.com\/index.php?rest_route=%2Fwp%2Fv2%2Fproduct_cat&post=5157"},{"taxonomy":"product_tag","embeddable":true,"href":"https:\/\/clonsuizo.com\/index.php?rest_route=%2Fwp%2Fv2%2Fproduct_tag&post=5157"}],"curies":[{"name":"wp","href":"https:\/\/api.w.org\/{rel}","templated":true}]}}