{"id":5145,"date":"2025-05-16T21:29:31","date_gmt":"2025-05-16T19:29:31","guid":{"rendered":"https:\/\/clonsuizo.com\/?post_type=product&#038;p=5145"},"modified":"2026-03-22T21:59:31","modified_gmt":"2026-03-22T20:59:31","slug":"audemars-piguet-royal-oak-negro-41mm-ref-15500st","status":"publish","type":"product","link":"https:\/\/clonsuizo.com\/?product=audemars-piguet-royal-oak-negro-41mm-ref-15500st","title":{"rendered":"Audemars Piguet Royal Oak Negro 41mm \u2013 Ref. 15500ST"},"content":{"rendered":"<div style=\"width: 1920px;\" class=\"wp-video\"><video class=\"wp-video-shortcode\" id=\"video-5145-1\" width=\"1920\" height=\"1080\" preload=\"metadata\" controls=\"controls\"><source type=\"video\/mp4\" src=\"https:\/\/clonsuizo.es\/wp-content\/uploads\/2025\/05\/CFW.165.mp4?_=1\" \/><a href=\"https:\/\/clonsuizo.es\/wp-content\/uploads\/2025\/05\/CFW.165.mp4\">https:\/\/clonsuizo.es\/wp-content\/uploads\/2025\/05\/CFW.165.mp4<\/a><\/video><\/div>\n<section class=\"text-token-text-primary w-full focus:outline-none [--shadow-height:45px] has-data-writing-block:pointer-events-none has-data-writing-block:-mt-(--shadow-height) has-data-writing-block:pt-(--shadow-height) [&amp;:has([data-writing-block])&gt;*]:pointer-events-auto R6Vx5W_threadScrollVars scroll-mb-[calc(var(--scroll-root-safe-area-inset-bottom,0px)+var(--thread-response-height,0px))] scroll-mt-[calc(var(--header-height)+min(200px,max(70px,20svh)))]\" dir=\"auto\" data-turn-id=\"request-69bede24-7c3c-8386-b221-c597eda4a2be-10\" data-testid=\"conversation-turn-242\" data-scroll-anchor=\"false\" data-turn=\"assistant\">\n<div class=\"text-base my-auto mx-auto pb-10 [--thread-content-margin:var(--thread-content-margin-xs,calc(var(--spacing)*4))] @w-sm\/main:[--thread-content-margin:var(--thread-content-margin-sm,calc(var(--spacing)*6))] @w-lg\/main:[--thread-content-margin:var(--thread-content-margin-lg,calc(var(--spacing)*16))] px-(--thread-content-margin)\">\n<div class=\"[--thread-content-max-width:40rem] @w-lg\/main:[--thread-content-max-width:48rem] mx-auto max-w-(--thread-content-max-width) flex-1 group\/turn-messages focus-visible:outline-hidden relative flex w-full min-w-0 flex-col agent-turn\">\n<div class=\"flex max-w-full flex-col gap-4 grow\">\n<div class=\"min-h-8 text-message relative flex w-full flex-col items-end gap-2 text-start break-words whitespace-normal outline-none keyboard-focused:focus-ring [.text-message+&amp;]:mt-1\" dir=\"auto\" tabindex=\"0\" data-message-author-role=\"assistant\" data-message-id=\"185dc73a-9865-4b31-826a-f376ded9caf0\" data-message-model-slug=\"gpt-5-3\" data-turn-start-message=\"true\">\n<div class=\"flex w-full flex-col gap-1 empty:hidden\">\n<div class=\"markdown prose dark:prose-invert w-full wrap-break-word light markdown-new-styling\">\n<p data-start=\"117\" data-end=\"232\"><strong data-start=\"117\" data-end=\"173\">Audemars Piguet Royal Oak Black Dial \u2013 Correa Caucho<\/strong><br data-start=\"173\" data-end=\"176\" \/><em data-start=\"176\" data-end=\"230\">R\u00e9plica Suiza 1:1 en acero 316L (mismo que original)<\/em><\/p>\n<p data-start=\"234\" data-end=\"427\">Una de las configuraciones m\u00e1s elegantes del Royal Oak. Esfera negra con patr\u00f3n \u201cGrande Tapisserie\u201d combinada con correa de caucho, creando un equilibrio perfecto entre lujo y estilo deportivo.<\/p>\n<hr data-start=\"429\" data-end=\"432\" \/>\n<p data-start=\"434\" data-end=\"454\"><strong data-start=\"434\" data-end=\"454\">Caracter\u00edsticas:<\/strong><\/p>\n<ul data-start=\"456\" data-end=\"921\">\n<li data-section-id=\"1asu3wr\" data-start=\"456\" data-end=\"515\">Caja: 41 mm, acero inoxidable 316L (mismo que original)<\/li>\n<li data-section-id=\"1vzw4x3\" data-start=\"516\" data-end=\"549\">Cristal: Zafiro antirreflejos<\/li>\n<li data-section-id=\"1fq5hql\" data-start=\"550\" data-end=\"626\"><strong data-start=\"552\" data-end=\"624\">Grabado l\u00e1ser en el cristal a la altura del \u00edndice de las 6 (corona)<\/strong><\/li>\n<li data-section-id=\"c0hwo9\" data-start=\"627\" data-end=\"653\">Movimiento: Autom\u00e1tico<\/li>\n<li data-section-id=\"133z1tj\" data-start=\"654\" data-end=\"701\">Funciones: Hora, minutos, segundero y fecha<\/li>\n<li data-section-id=\"1cnn6x2\" data-start=\"702\" data-end=\"748\">Dial: Negro con patr\u00f3n \u201cGrande Tapisserie\u201d<\/li>\n<li data-section-id=\"xx0xs7\" data-start=\"749\" data-end=\"802\">Bisel: Octogonal cepillado con tornillos visibles<\/li>\n<li data-section-id=\"5g4n8w\" data-start=\"803\" data-end=\"835\">Agujas: Tipo baton con lumen<\/li>\n<li data-section-id=\"7qwc9i\" data-start=\"836\" data-end=\"870\">Correa: Caucho de alta calidad<\/li>\n<li data-section-id=\"ejrsml\" data-start=\"871\" data-end=\"893\">Cierre: Deployante<\/li>\n<li data-section-id=\"e4vemc\" data-start=\"894\" data-end=\"921\">Hermeticidad: 50 metros<\/li>\n<\/ul>\n<hr data-start=\"923\" data-end=\"926\" \/>\n<p data-start=\"928\" data-end=\"954\"><strong data-start=\"928\" data-end=\"954\">Calidades Disponibles:<\/strong><\/p>\n<p data-start=\"956\" data-end=\"1044\"><strong data-start=\"956\" data-end=\"965\">AAA+:<\/strong><br data-start=\"965\" data-end=\"968\" \/>Acero 316L (aleaci\u00f3n baja), cristal de zafiro, movimiento autom\u00e1tico b\u00e1sico.<\/p>\n<p data-start=\"1046\" data-end=\"1164\"><strong data-start=\"1046\" data-end=\"1055\">CLON:<\/strong><br data-start=\"1055\" data-end=\"1058\" \/>Acero 316L (aleaci\u00f3n media), cristal de zafiro, movimiento autom\u00e1tico m\u00e1s preciso y mejor acabado general.<\/p>\n<p data-start=\"1166\" data-end=\"1317\"><strong data-start=\"1166\" data-end=\"1180\">SUPERCLON:<\/strong><br data-start=\"1180\" data-end=\"1183\" \/>Acero 316L (aleaci\u00f3n alta), maquinaria replicada con mayor precisi\u00f3n, 28,800 alternancias,<br data-start=\"1273\" data-end=\"1276\" \/>mejor rendimiento y totalmente reparable.<\/p>\n<hr data-start=\"1319\" data-end=\"1322\" \/>\n<p data-start=\"1324\" data-end=\"1483\"><strong data-start=\"1324\" data-end=\"1356\">\u00bfPor qu\u00e9 elegir este modelo?<\/strong><br data-start=\"1356\" data-end=\"1359\" \/>\u26ab Dise\u00f1o elegante y vers\u00e1til<br data-start=\"1387\" data-end=\"1390\" \/>\u2699\ufe0f Comodidad con correa de caucho<br data-start=\"1423\" data-end=\"1426\" \/>\ud83d\udc8e Est\u00e9tica cl\u00e1sica de AP<br data-start=\"1451\" data-end=\"1454\" \/>\ud83d\udd25 Perfecto para uso diario<\/p>\n<hr data-start=\"1485\" data-end=\"1488\" \/>\n<p data-start=\"1490\" data-end=\"1529\">\ud83d\ude80 <strong data-start=\"1493\" data-end=\"1529\">Env\u00edo Seguro + Garant\u00eda Incluida<\/strong><\/p>\n<ul data-start=\"1531\" data-end=\"1642\">\n<li data-section-id=\"1blalr5\" data-start=\"1531\" data-end=\"1570\">Env\u00edo internacional con seguimiento<\/li>\n<li data-section-id=\"k404j6\" data-start=\"1571\" data-end=\"1594\">Garant\u00eda de 30 d\u00edas<\/li>\n<li data-section-id=\"1i2jspg\" data-start=\"1595\" data-end=\"1624\">Soporte 24\/7 v\u00eda WhatsApp<\/li>\n<li data-section-id=\"w4ta14\" data-start=\"1625\" data-end=\"1642\">Pagos seguros<\/li>\n<\/ul>\n<hr data-start=\"1644\" data-end=\"1647\" \/>\n<p data-start=\"1649\" data-end=\"1703\" data-is-last-node=\"\" data-is-only-node=\"\">\ud83d\udd25 <strong data-start=\"1652\" data-end=\"1703\" data-is-last-node=\"\">Un Royal Oak discreto pero con mucha presencia.<\/strong><\/p>\n<\/div>\n<\/div>\n<\/div>\n<\/div>\n<div class=\"z-0 flex min-h-[46px] justify-start\"><\/div>\n<div class=\"mt-3 w-full empty:hidden\">\n<div class=\"text-center\"><\/div>\n<\/div>\n<\/div>\n<\/div>\n<\/section>\n<div class=\"pointer-events-none -mt-px h-px translate-y-[calc(var(--scroll-root-safe-area-inset-bottom)-14*var(--spacing))]\" aria-hidden=\"true\"><\/div>\n","protected":false},"excerpt":{"rendered":"<p>Audemars Piguet Royal Oak Black Dial \u2013 Correa CauchoR\u00e9plica Suiza 1:1 en acero 316L (mismo que original) Una de las configuraciones m\u00e1s elegantes del Royal Oak. Esfera negra con patr\u00f3n \u201cGrande Tapisserie\u201d combinada con correa de caucho, creando un equilibrio perfecto entre lujo y estilo deportivo. Caracter\u00edsticas: Caja: 41 mm, acero inoxidable 316L (mismo que [&hellip;]<\/p>\n","protected":false},"featured_media":5260,"template":"","meta":{"_acf_changed":false,"om_disable_all_campaigns":false,"_uag_custom_page_level_css":"","_monsterinsights_skip_tracking":false,"_monsterinsights_sitenote_active":false,"_monsterinsights_sitenote_note":"","_monsterinsights_sitenote_category":0,"site-sidebar-layout":"default","site-content-layout":"","ast-site-content-layout":"default","site-content-style":"default","site-sidebar-style":"default","ast-global-header-display":"","ast-banner-title-visibility":"","ast-main-header-display":"","ast-hfb-above-header-display":"","ast-hfb-below-header-display":"","ast-hfb-mobile-header-display":"","site-post-title":"","ast-breadcrumbs-content":"","ast-featured-img":"","footer-sml-layout":"","ast-disable-related-posts":"","theme-transparent-header-meta":"default","adv-header-id-meta":"","stick-header-meta":"","header-above-stick-meta":"","header-main-stick-meta":"","header-below-stick-meta":"","astra-migrate-meta-layouts":"set","ast-page-background-enabled":"default","ast-page-background-meta":{"desktop":{"background-color":"var(--ast-global-color-4)","background-image":"","background-repeat":"repeat","background-position":"center center","background-size":"auto","background-attachment":"scroll","background-type":"","background-media":"","overlay-type":"","overlay-color":"","overlay-opacity":"","overlay-gradient":""},"tablet":{"background-color":"","background-image":"","background-repeat":"repeat","background-position":"center center","background-size":"auto","background-attachment":"scroll","background-type":"","background-media":"","overlay-type":"","overlay-color":"","overlay-opacity":"","overlay-gradient":""},"mobile":{"background-color":"","background-image":"","background-repeat":"repeat","background-position":"center center","background-size":"auto","background-attachment":"scroll","background-type":"","background-media":"","overlay-type":"","overlay-color":"","overlay-opacity":"","overlay-gradient":""}},"ast-content-background-meta":{"desktop":{"background-color":"var(--ast-global-color-5)","background-image":"","background-repeat":"repeat","background-position":"center center","background-size":"auto","background-attachment":"scroll","background-type":"","background-media":"","overlay-type":"","overlay-color":"","overlay-opacity":"","overlay-gradient":""},"tablet":{"background-color":"var(--ast-global-color-5)","background-image":"","background-repeat":"repeat","background-position":"center center","background-size":"auto","background-attachment":"scroll","background-type":"","background-media":"","overlay-type":"","overlay-color":"","overlay-opacity":"","overlay-gradient":""},"mobile":{"background-color":"var(--ast-global-color-5)","background-image":"","background-repeat":"repeat","background-position":"center center","background-size":"auto","background-attachment":"scroll","background-type":"","background-media":"","overlay-type":"","overlay-color":"","overlay-opacity":"","overlay-gradient":""}}},"product_brand":[],"product_cat":[35],"product_tag":[72,74],"class_list":{"0":"post-5145","1":"product","2":"type-product","3":"status-publish","4":"has-post-thumbnail","6":"product_cat-audemars-piguet","7":"product_tag-audemars-piguet","8":"product_tag-audemars-piguet-royal-oak-negro-41mm-ref-15500st","9":"desktop-align-left","10":"tablet-align-left","11":"mobile-align-left","13":"first","14":"instock","15":"shipping-taxable","16":"purchasable","17":"product-type-variable"},"acf":[],"uagb_featured_image_src":{"full":["https:\/\/clonsuizo.com\/wp-content\/uploads\/2025\/05\/Rolex-GMT-Master-II-gold-jubilee-2025-05-05T011830.567.png",1030,1030,false],"thumbnail":["https:\/\/clonsuizo.com\/wp-content\/uploads\/2025\/05\/Rolex-GMT-Master-II-gold-jubilee-2025-05-05T011830.567-150x150.png",150,150,true],"medium":["https:\/\/clonsuizo.com\/wp-content\/uploads\/2025\/05\/Rolex-GMT-Master-II-gold-jubilee-2025-05-05T011830.567-300x300.png",300,300,true],"medium_large":["https:\/\/clonsuizo.com\/wp-content\/uploads\/2025\/05\/Rolex-GMT-Master-II-gold-jubilee-2025-05-05T011830.567-768x768.png",768,768,true],"large":["https:\/\/clonsuizo.com\/wp-content\/uploads\/2025\/05\/Rolex-GMT-Master-II-gold-jubilee-2025-05-05T011830.567-1024x1024.png",1024,1024,true],"1536x1536":["https:\/\/clonsuizo.com\/wp-content\/uploads\/2025\/05\/Rolex-GMT-Master-II-gold-jubilee-2025-05-05T011830.567.png",1030,1030,false],"2048x2048":["https:\/\/clonsuizo.com\/wp-content\/uploads\/2025\/05\/Rolex-GMT-Master-II-gold-jubilee-2025-05-05T011830.567.png",1030,1030,false],"mailpoet_newsletter_max":["https:\/\/clonsuizo.com\/wp-content\/uploads\/2025\/05\/Rolex-GMT-Master-II-gold-jubilee-2025-05-05T011830.567.png",1030,1030,false],"woocommerce_thumbnail":["https:\/\/clonsuizo.com\/wp-content\/uploads\/2025\/05\/Rolex-GMT-Master-II-gold-jubilee-2025-05-05T011830.567-420x420.png",420,420,true],"woocommerce_single":["https:\/\/clonsuizo.com\/wp-content\/uploads\/2025\/05\/Rolex-GMT-Master-II-gold-jubilee-2025-05-05T011830.567-380x380.png",380,380,true],"woocommerce_gallery_thumbnail":["https:\/\/clonsuizo.com\/wp-content\/uploads\/2025\/05\/Rolex-GMT-Master-II-gold-jubilee-2025-05-05T011830.567-100x100.png",100,100,true],"variation_swatches_image_size":["https:\/\/clonsuizo.com\/wp-content\/uploads\/2025\/05\/Rolex-GMT-Master-II-gold-jubilee-2025-05-05T011830.567-50x50.png",50,50,true],"variation_swatches_tooltip_size":["https:\/\/clonsuizo.com\/wp-content\/uploads\/2025\/05\/Rolex-GMT-Master-II-gold-jubilee-2025-05-05T011830.567-100x100.png",100,100,true]},"uagb_author_info":{"display_name":"clonsuizo.com","author_link":"https:\/\/clonsuizo.com\/?author=0"},"uagb_comment_info":0,"uagb_excerpt":"Audemars Piguet Royal Oak Black Dial \u2013 Correa CauchoR\u00e9plica Suiza 1:1 en acero 316L (mismo que original) Una de las configuraciones m\u00e1s elegantes del Royal Oak. Esfera negra con patr\u00f3n \u201cGrande Tapisserie\u201d combinada con correa de caucho, creando un equilibrio perfecto entre lujo y estilo deportivo. Caracter\u00edsticas: Caja: 41 mm, acero inoxidable 316L (mismo que&hellip;","_links":{"self":[{"href":"https:\/\/clonsuizo.com\/index.php?rest_route=\/wp\/v2\/product\/5145","targetHints":{"allow":["GET"]}}],"collection":[{"href":"https:\/\/clonsuizo.com\/index.php?rest_route=\/wp\/v2\/product"}],"about":[{"href":"https:\/\/clonsuizo.com\/index.php?rest_route=\/wp\/v2\/types\/product"}],"version-history":[{"count":3,"href":"https:\/\/clonsuizo.com\/index.php?rest_route=\/wp\/v2\/product\/5145\/revisions"}],"predecessor-version":[{"id":6055,"href":"https:\/\/clonsuizo.com\/index.php?rest_route=\/wp\/v2\/product\/5145\/revisions\/6055"}],"wp:featuredmedia":[{"embeddable":true,"href":"https:\/\/clonsuizo.com\/index.php?rest_route=\/wp\/v2\/media\/5260"}],"wp:attachment":[{"href":"https:\/\/clonsuizo.com\/index.php?rest_route=%2Fwp%2Fv2%2Fmedia&parent=5145"}],"wp:term":[{"taxonomy":"product_brand","embeddable":true,"href":"https:\/\/clonsuizo.com\/index.php?rest_route=%2Fwp%2Fv2%2Fproduct_brand&post=5145"},{"taxonomy":"product_cat","embeddable":true,"href":"https:\/\/clonsuizo.com\/index.php?rest_route=%2Fwp%2Fv2%2Fproduct_cat&post=5145"},{"taxonomy":"product_tag","embeddable":true,"href":"https:\/\/clonsuizo.com\/index.php?rest_route=%2Fwp%2Fv2%2Fproduct_tag&post=5145"}],"curies":[{"name":"wp","href":"https:\/\/api.w.org\/{rel}","templated":true}]}}