{"id":5131,"date":"2025-05-16T21:29:30","date_gmt":"2025-05-16T19:29:30","guid":{"rendered":"https:\/\/clonsuizo.com\/?post_type=product&#038;p=5131"},"modified":"2026-04-19T17:29:22","modified_gmt":"2026-04-19T15:29:22","slug":"patek-philippe-nautilus-40mm-ref-5711-1a-010","status":"publish","type":"product","link":"https:\/\/clonsuizo.com\/?product=patek-philippe-nautilus-40mm-ref-5711-1a-010","title":{"rendered":"Patek Philippe Nautilus 40mm \u2013 Ref. 5711\/1A-010"},"content":{"rendered":"<div style=\"width: 1920px;\" class=\"wp-video\"><video class=\"wp-video-shortcode\" id=\"video-5131-1\" width=\"1920\" height=\"1080\" preload=\"metadata\" controls=\"controls\"><source type=\"video\/mp4\" src=\"https:\/\/clonsuizo.es\/wp-content\/uploads\/2025\/05\/CFWW135.mp4?_=1\" \/><a href=\"https:\/\/clonsuizo.es\/wp-content\/uploads\/2025\/05\/CFWW135.mp4\">https:\/\/clonsuizo.es\/wp-content\/uploads\/2025\/05\/CFWW135.mp4<\/a><\/video><\/div>\n<p data-start=\"73\" data-end=\"188\"><strong data-start=\"73\" data-end=\"118\">Patek Philippe Nautilus Blue Dial \u2013 Acero<\/strong><br data-start=\"118\" data-end=\"121\" \/><em data-start=\"121\" data-end=\"186\">R\u00e9plica Suiza 1:1 en acero inoxidable 316L (mismo que original)<\/em><\/p>\n<p data-start=\"190\" data-end=\"320\">El icono absoluto de Patek Philippe: el Nautilus con esfera azul horizontal. Un reloj elegante, fino y extremadamente reconocible.<\/p>\n<hr data-start=\"322\" data-end=\"325\" \/>\n<p data-start=\"327\" data-end=\"347\"><strong data-start=\"327\" data-end=\"347\">Caracter\u00edsticas:<\/strong><\/p>\n<ul data-start=\"349\" data-end=\"885\">\n<li data-section-id=\"1wr2hhs\" data-start=\"349\" data-end=\"415\">Caja: 40 mm aprox., acero inoxidable 316L (mismo que original)<\/li>\n<li data-section-id=\"1vzw4x3\" data-start=\"416\" data-end=\"449\">Cristal: Zafiro antirreflejos<\/li>\n<li data-section-id=\"1fq5hql\" data-start=\"450\" data-end=\"526\"><strong data-start=\"452\" data-end=\"524\">Grabado l\u00e1ser en el cristal a la altura del \u00edndice de las 6 (corona)<\/strong><\/li>\n<li data-section-id=\"16xlokt\" data-start=\"527\" data-end=\"561\">Movimiento: Autom\u00e1tico clonado<\/li>\n<li data-section-id=\"133z1tj\" data-start=\"562\" data-end=\"609\">Funciones: Hora, minutos, segundero y fecha<\/li>\n<li data-section-id=\"yl1mug\" data-start=\"610\" data-end=\"661\">Dial: Azul con acabado horizontal tipo Nautilus<\/li>\n<li data-section-id=\"1e8h31p\" data-start=\"662\" data-end=\"721\">Bisel: Forma caracter\u00edstica Nautilus en acero cepillado<\/li>\n<li data-section-id=\"5g4n8w\" data-start=\"722\" data-end=\"754\">Agujas: Tipo baton con lumen<\/li>\n<li data-section-id=\"okeivu\" data-start=\"755\" data-end=\"787\">\u00cdndices: Aplicados con lumen<\/li>\n<li data-section-id=\"1yfyszw\" data-start=\"788\" data-end=\"834\">Brazalete: Acero integrado de alta calidad<\/li>\n<li data-section-id=\"ejrsml\" data-start=\"835\" data-end=\"857\">Cierre: Deployante<\/li>\n<li data-section-id=\"e4vemc\" data-start=\"858\" data-end=\"885\">Hermeticidad: 50 metros<\/li>\n<\/ul>\n<hr data-start=\"887\" data-end=\"890\" \/>\n<p data-start=\"892\" data-end=\"918\"><strong data-start=\"892\" data-end=\"918\">Calidades Disponibles:<\/strong><\/p>\n<p data-start=\"920\" data-end=\"1010\"><strong data-start=\"920\" data-end=\"929\">AAA+:<\/strong><br data-start=\"929\" data-end=\"932\" \/>Acero 316L (aleaci\u00f3n baja), cristal de zafiro, movimiento autom\u00e1tico b\u00e1sico.<\/p>\n<p data-start=\"1012\" data-end=\"1105\"><strong data-start=\"1012\" data-end=\"1021\">CLON:<\/strong><br data-start=\"1021\" data-end=\"1024\" \/>Acero 316L (aleaci\u00f3n media), cristal de zafiro, movimiento autom\u00e1tico mejorado.<\/p>\n<p data-start=\"1107\" data-end=\"1261\"><strong data-start=\"1107\" data-end=\"1121\">SUPERCLON:<\/strong><br data-start=\"1121\" data-end=\"1124\" \/>Acero 316L (aleaci\u00f3n alta), maquinaria replicada del original, 28,800 alternancias,<br data-start=\"1207\" data-end=\"1210\" \/>mayor precisi\u00f3n, suavidad y totalmente reparable.<\/p>\n<hr data-start=\"1263\" data-end=\"1266\" \/>\n<p data-start=\"1268\" data-end=\"1439\"><strong data-start=\"1268\" data-end=\"1300\">\u00bfPor qu\u00e9 elegir este modelo?<\/strong><br data-start=\"1300\" data-end=\"1303\" \/>\ud83d\udd35 Esfera azul ic\u00f3nica<br data-start=\"1325\" data-end=\"1328\" \/>\ud83d\udc8e Uno de los relojes m\u00e1s elegantes del mundo<br data-start=\"1373\" data-end=\"1376\" \/>\u2699\ufe0f Dise\u00f1o fino y premium<br data-start=\"1400\" data-end=\"1403\" \/>\ud83d\udd25 Perfecto para cualquier ocasi\u00f3n<\/p>\n<hr data-start=\"1441\" data-end=\"1444\" \/>\n<p data-start=\"1446\" data-end=\"1485\">\ud83d\ude80 <strong data-start=\"1449\" data-end=\"1485\">Env\u00edo Seguro + Garant\u00eda Incluida<\/strong><\/p>\n<ul data-start=\"1487\" data-end=\"1598\">\n<li data-section-id=\"1blalr5\" data-start=\"1487\" data-end=\"1526\">Env\u00edo internacional con seguimiento<\/li>\n<li data-section-id=\"k404j6\" data-start=\"1527\" data-end=\"1550\">Garant\u00eda de 30 d\u00edas<\/li>\n<li data-section-id=\"1i2jspg\" data-start=\"1551\" data-end=\"1580\">Soporte 24\/7 v\u00eda WhatsApp<\/li>\n<li data-section-id=\"w4ta14\" data-start=\"1581\" data-end=\"1598\">Pagos seguros<\/li>\n<\/ul>\n<hr data-start=\"1600\" data-end=\"1603\" \/>\n<p data-start=\"1605\" data-end=\"1666\" data-is-last-node=\"\" data-is-only-node=\"\">\ud83d\udd25 <strong data-start=\"1608\" data-end=\"1666\" data-is-last-node=\"\">El Nautilus m\u00e1s cl\u00e1sico \u2014 elegancia pura en la mu\u00f1eca.<\/strong><\/p>\n","protected":false},"excerpt":{"rendered":"<p>Patek Philippe Nautilus Blue Dial \u2013 AceroR\u00e9plica Suiza 1:1 en acero inoxidable 316L (mismo que original) El icono absoluto de Patek Philippe: el Nautilus con esfera azul horizontal. Un reloj elegante, fino y extremadamente reconocible. Caracter\u00edsticas: Caja: 40 mm aprox., acero inoxidable 316L (mismo que original) Cristal: Zafiro antirreflejos Grabado l\u00e1ser en el cristal a [&hellip;]<\/p>\n","protected":false},"featured_media":5176,"template":"","meta":{"_acf_changed":false,"om_disable_all_campaigns":false,"_uag_custom_page_level_css":"","_monsterinsights_skip_tracking":false,"_monsterinsights_sitenote_active":false,"_monsterinsights_sitenote_note":"","_monsterinsights_sitenote_category":0,"site-sidebar-layout":"default","site-content-layout":"","ast-site-content-layout":"default","site-content-style":"default","site-sidebar-style":"default","ast-global-header-display":"","ast-banner-title-visibility":"","ast-main-header-display":"","ast-hfb-above-header-display":"","ast-hfb-below-header-display":"","ast-hfb-mobile-header-display":"","site-post-title":"","ast-breadcrumbs-content":"","ast-featured-img":"","footer-sml-layout":"","ast-disable-related-posts":"","theme-transparent-header-meta":"default","adv-header-id-meta":"","stick-header-meta":"","header-above-stick-meta":"","header-main-stick-meta":"","header-below-stick-meta":"","astra-migrate-meta-layouts":"set","ast-page-background-enabled":"default","ast-page-background-meta":{"desktop":{"background-color":"var(--ast-global-color-4)","background-image":"","background-repeat":"repeat","background-position":"center center","background-size":"auto","background-attachment":"scroll","background-type":"","background-media":"","overlay-type":"","overlay-color":"","overlay-opacity":"","overlay-gradient":""},"tablet":{"background-color":"","background-image":"","background-repeat":"repeat","background-position":"center center","background-size":"auto","background-attachment":"scroll","background-type":"","background-media":"","overlay-type":"","overlay-color":"","overlay-opacity":"","overlay-gradient":""},"mobile":{"background-color":"","background-image":"","background-repeat":"repeat","background-position":"center center","background-size":"auto","background-attachment":"scroll","background-type":"","background-media":"","overlay-type":"","overlay-color":"","overlay-opacity":"","overlay-gradient":""}},"ast-content-background-meta":{"desktop":{"background-color":"var(--ast-global-color-5)","background-image":"","background-repeat":"repeat","background-position":"center center","background-size":"auto","background-attachment":"scroll","background-type":"","background-media":"","overlay-type":"","overlay-color":"","overlay-opacity":"","overlay-gradient":""},"tablet":{"background-color":"var(--ast-global-color-5)","background-image":"","background-repeat":"repeat","background-position":"center center","background-size":"auto","background-attachment":"scroll","background-type":"","background-media":"","overlay-type":"","overlay-color":"","overlay-opacity":"","overlay-gradient":""},"mobile":{"background-color":"var(--ast-global-color-5)","background-image":"","background-repeat":"repeat","background-position":"center center","background-size":"auto","background-attachment":"scroll","background-type":"","background-media":"","overlay-type":"","overlay-color":"","overlay-opacity":"","overlay-gradient":""}}},"product_brand":[],"product_cat":[33],"product_tag":[55,60],"class_list":{"0":"post-5131","1":"product","2":"type-product","3":"status-publish","4":"has-post-thumbnail","6":"product_cat-patek-philippe","7":"product_tag-patek-philippe","8":"product_tag-patek-philippe-nautilus-40mm-ref-5711-1a-010","9":"desktop-align-left","10":"tablet-align-left","11":"mobile-align-left","13":"first","14":"instock","15":"shipping-taxable","16":"purchasable","17":"product-type-variable"},"acf":[],"uagb_featured_image_src":{"full":["https:\/\/clonsuizo.com\/wp-content\/uploads\/2025\/05\/Rolex-GMT-Master-II-gold-jubilee-2025-05-04T213701.853.png",1030,1030,false],"thumbnail":["https:\/\/clonsuizo.com\/wp-content\/uploads\/2025\/05\/Rolex-GMT-Master-II-gold-jubilee-2025-05-04T213701.853-150x150.png",150,150,true],"medium":["https:\/\/clonsuizo.com\/wp-content\/uploads\/2025\/05\/Rolex-GMT-Master-II-gold-jubilee-2025-05-04T213701.853-300x300.png",300,300,true],"medium_large":["https:\/\/clonsuizo.com\/wp-content\/uploads\/2025\/05\/Rolex-GMT-Master-II-gold-jubilee-2025-05-04T213701.853-768x768.png",768,768,true],"large":["https:\/\/clonsuizo.com\/wp-content\/uploads\/2025\/05\/Rolex-GMT-Master-II-gold-jubilee-2025-05-04T213701.853-1024x1024.png",1024,1024,true],"1536x1536":["https:\/\/clonsuizo.com\/wp-content\/uploads\/2025\/05\/Rolex-GMT-Master-II-gold-jubilee-2025-05-04T213701.853.png",1030,1030,false],"2048x2048":["https:\/\/clonsuizo.com\/wp-content\/uploads\/2025\/05\/Rolex-GMT-Master-II-gold-jubilee-2025-05-04T213701.853.png",1030,1030,false],"mailpoet_newsletter_max":["https:\/\/clonsuizo.com\/wp-content\/uploads\/2025\/05\/Rolex-GMT-Master-II-gold-jubilee-2025-05-04T213701.853.png",1030,1030,false],"woocommerce_thumbnail":["https:\/\/clonsuizo.com\/wp-content\/uploads\/2025\/05\/Rolex-GMT-Master-II-gold-jubilee-2025-05-04T213701.853-420x420.png",420,420,true],"woocommerce_single":["https:\/\/clonsuizo.com\/wp-content\/uploads\/2025\/05\/Rolex-GMT-Master-II-gold-jubilee-2025-05-04T213701.853-380x380.png",380,380,true],"woocommerce_gallery_thumbnail":["https:\/\/clonsuizo.com\/wp-content\/uploads\/2025\/05\/Rolex-GMT-Master-II-gold-jubilee-2025-05-04T213701.853-100x100.png",100,100,true],"variation_swatches_image_size":["https:\/\/clonsuizo.com\/wp-content\/uploads\/2025\/05\/Rolex-GMT-Master-II-gold-jubilee-2025-05-04T213701.853-50x50.png",50,50,true],"variation_swatches_tooltip_size":["https:\/\/clonsuizo.com\/wp-content\/uploads\/2025\/05\/Rolex-GMT-Master-II-gold-jubilee-2025-05-04T213701.853-100x100.png",100,100,true]},"uagb_author_info":{"display_name":"clonsuizo.com","author_link":"https:\/\/clonsuizo.com\/?author=0"},"uagb_comment_info":0,"uagb_excerpt":"Patek Philippe Nautilus Blue Dial \u2013 AceroR\u00e9plica Suiza 1:1 en acero inoxidable 316L (mismo que original) El icono absoluto de Patek Philippe: el Nautilus con esfera azul horizontal. Un reloj elegante, fino y extremadamente reconocible. Caracter\u00edsticas: Caja: 40 mm aprox., acero inoxidable 316L (mismo que original) Cristal: Zafiro antirreflejos Grabado l\u00e1ser en el cristal a&hellip;","_links":{"self":[{"href":"https:\/\/clonsuizo.com\/index.php?rest_route=\/wp\/v2\/product\/5131","targetHints":{"allow":["GET"]}}],"collection":[{"href":"https:\/\/clonsuizo.com\/index.php?rest_route=\/wp\/v2\/product"}],"about":[{"href":"https:\/\/clonsuizo.com\/index.php?rest_route=\/wp\/v2\/types\/product"}],"version-history":[{"count":2,"href":"https:\/\/clonsuizo.com\/index.php?rest_route=\/wp\/v2\/product\/5131\/revisions"}],"predecessor-version":[{"id":6083,"href":"https:\/\/clonsuizo.com\/index.php?rest_route=\/wp\/v2\/product\/5131\/revisions\/6083"}],"wp:featuredmedia":[{"embeddable":true,"href":"https:\/\/clonsuizo.com\/index.php?rest_route=\/wp\/v2\/media\/5176"}],"wp:attachment":[{"href":"https:\/\/clonsuizo.com\/index.php?rest_route=%2Fwp%2Fv2%2Fmedia&parent=5131"}],"wp:term":[{"taxonomy":"product_brand","embeddable":true,"href":"https:\/\/clonsuizo.com\/index.php?rest_route=%2Fwp%2Fv2%2Fproduct_brand&post=5131"},{"taxonomy":"product_cat","embeddable":true,"href":"https:\/\/clonsuizo.com\/index.php?rest_route=%2Fwp%2Fv2%2Fproduct_cat&post=5131"},{"taxonomy":"product_tag","embeddable":true,"href":"https:\/\/clonsuizo.com\/index.php?rest_route=%2Fwp%2Fv2%2Fproduct_tag&post=5131"}],"curies":[{"name":"wp","href":"https:\/\/api.w.org\/{rel}","templated":true}]}}