{"id":4470,"date":"2025-05-05T01:47:10","date_gmt":"2025-05-04T23:47:10","guid":{"rendered":"https:\/\/clonsuizo.com\/?post_type=product&#038;p=4470"},"modified":"2026-04-20T02:54:28","modified_gmt":"2026-04-20T00:54:28","slug":"rolex-daytona-bicolor-black-dial-40mm-ref-116503","status":"publish","type":"product","link":"https:\/\/clonsuizo.com\/?product=rolex-daytona-bicolor-black-dial-40mm-ref-116503","title":{"rendered":"Rolex Daytona Bicolor Black Dial 40mm ref. 116503"},"content":{"rendered":"<div class=\"flex flex-col text-sm pb-25\">\n<section class=\"text-token-text-primary w-full focus:outline-none [--shadow-height:45px] has-data-writing-block:pointer-events-none has-data-writing-block:-mt-(--shadow-height) has-data-writing-block:pt-(--shadow-height) [&amp;:has([data-writing-block])&gt;*]:pointer-events-auto scroll-mt-[calc(var(--header-height)+min(200px,max(70px,20svh)))]\" dir=\"auto\" data-turn-id=\"request-WEB:7151a0fc-52d8-4d3e-ad18-06105aa0019e-12\" data-testid=\"conversation-turn-110\" data-scroll-anchor=\"true\" data-turn=\"assistant\">\n<div class=\"text-base my-auto mx-auto pb-10 [--thread-content-margin:var(--thread-content-margin-xs,calc(var(--spacing)*4))] @w-sm\/main:[--thread-content-margin:var(--thread-content-margin-sm,calc(var(--spacing)*6))] @w-lg\/main:[--thread-content-margin:var(--thread-content-margin-lg,calc(var(--spacing)*16))] px-(--thread-content-margin)\">\n<div class=\"[--thread-content-max-width:40rem] @w-lg\/main:[--thread-content-max-width:48rem] mx-auto max-w-(--thread-content-max-width) flex-1 group\/turn-messages focus-visible:outline-hidden relative flex w-full min-w-0 flex-col agent-turn\">\n<div class=\"flex max-w-full flex-col gap-4 grow\">\n<div class=\"min-h-8 text-message relative flex w-full flex-col items-end gap-2 text-start break-words whitespace-normal outline-none keyboard-focused:focus-ring [.text-message+&amp;]:mt-1\" dir=\"auto\" tabindex=\"0\" data-message-author-role=\"assistant\" data-message-id=\"64c83b60-7213-441a-86cb-bc4448eaa671\" data-message-model-slug=\"gpt-5-3\" data-turn-start-message=\"true\">\n<div class=\"flex w-full flex-col gap-1 empty:hidden\">\n<div class=\"markdown prose dark:prose-invert w-full wrap-break-word light markdown-new-styling\">\n<p data-start=\"111\" data-end=\"279\"><strong data-start=\"111\" data-end=\"172\">Rolex Cosmograph Daytona Black Dial Rolesor \u2013 Ref. 116503<\/strong><br data-start=\"172\" data-end=\"175\" \/><em data-start=\"175\" data-end=\"279\">R\u00e9plica Suiza 1:1 en Rolesor Amarillo (ba\u00f1o en oro amarillo 18k) con esfera negra y bisel taquim\u00e9trico<\/em><\/p>\n<p data-start=\"281\" data-end=\"516\">El Rolex Daytona es uno de los modelos m\u00e1s ic\u00f3nicos y deportivos de la marca. Esta versi\u00f3n con esfera negra y detalles en oro amarillo destaca por su est\u00e9tica agresiva y elegante a la vez, combinando a la perfecci\u00f3n lujo y rendimiento.<\/p>\n<p data-start=\"518\" data-end=\"710\">Su bisel taquim\u00e9trico en ba\u00f1o de oro amarillo de 18k, junto con la pulsera Oyster bicolor en acero 904L (seg\u00fan calidad), hacen de este Daytona una pieza con presencia, car\u00e1cter y estilo \u00fanico.<\/p>\n<hr data-start=\"712\" data-end=\"715\" \/>\n<p data-start=\"717\" data-end=\"737\"><strong data-start=\"717\" data-end=\"737\">Caracter\u00edsticas:<\/strong><\/p>\n<ul data-start=\"738\" data-end=\"1158\">\n<li data-section-id=\"57acxa\" data-start=\"738\" data-end=\"811\">Caja: 40 mm, Rolesor amarillo (acero 904L + ba\u00f1o en oro amarillo 18k)<\/li>\n<li data-section-id=\"1rupx5u\" data-start=\"812\" data-end=\"854\">Cristal: Zafiro resistente a rayaduras<\/li>\n<li data-section-id=\"pqllgx\" data-start=\"855\" data-end=\"916\">Movimiento: Cron\u00f3grafo autom\u00e1tico clonado (seg\u00fan calidad)<\/li>\n<li data-section-id=\"1jb2xbn\" data-start=\"917\" data-end=\"970\">Funciones: Cron\u00f3grafo, horas, minutos y segundero<\/li>\n<li data-section-id=\"xamsmf\" data-start=\"971\" data-end=\"1025\">Dial: Negro con subesferas y detalles en contraste<\/li>\n<li data-section-id=\"14jc6aq\" data-start=\"1026\" data-end=\"1077\">Bisel: Taquim\u00e9trico en ba\u00f1o de oro amarillo 18k<\/li>\n<li data-section-id=\"1r1i0xl\" data-start=\"1078\" data-end=\"1129\">Pulsera: Oyster bicolor con cierre de seguridad<\/li>\n<li data-section-id=\"1nw1wz4\" data-start=\"1130\" data-end=\"1158\">Hermeticidad: 100 metros<\/li>\n<\/ul>\n<hr data-start=\"1160\" data-end=\"1163\" \/>\n<p data-start=\"1165\" data-end=\"1191\"><strong data-start=\"1165\" data-end=\"1191\">Calidades Disponibles:<\/strong><\/p>\n<ul data-start=\"1193\" data-end=\"1785\">\n<li data-section-id=\"129o8gy\" data-start=\"1193\" data-end=\"1371\"><strong data-start=\"1195\" data-end=\"1203\">AAA+<\/strong>: Acero 904L (aleaci\u00f3n baja), bisel cer\u00e1mico, cristal de zafiro, 21,600 alternancias, movimiento cron\u00f3grafo b\u00e1sico (<strong data-start=\"1319\" data-end=\"1335\">no funcional<\/strong>) (no recomendable, sin reparaci\u00f3n).<\/li>\n<li data-section-id=\"1srdir7\" data-start=\"1373\" data-end=\"1557\"><strong data-start=\"1375\" data-end=\"1383\">CLON<\/strong>: Acero 904L (aleaci\u00f3n media), bisel cer\u00e1mico, cristal de zafiro, Miyota super (Japon\u00e9s, gama alta de Miyota), 21,600 alternancias, cron\u00f3grafo (<strong data-start=\"1527\" data-end=\"1543\">no funcional<\/strong>) (reparable).<\/li>\n<li data-section-id=\"fpc8rc\" data-start=\"1559\" data-end=\"1785\"><strong data-start=\"1561\" data-end=\"1574\">SUPERCLON<\/strong>: Acero 904L (aleaci\u00f3n alta), bisel cer\u00e1mico, cristal de zafiro, maquinaria suiza completamente replicada del original, 28,800 alternancias, cron\u00f3grafo (<strong data-start=\"1727\" data-end=\"1771\">completamente funcional como el original<\/strong>) (reparable).<\/li>\n<\/ul>\n<hr data-start=\"1787\" data-end=\"1790\" \/>\n<p data-start=\"1792\" data-end=\"2013\"><strong data-start=\"1792\" data-end=\"1825\">\u00bfPor qu\u00e9 elegir este Daytona?<\/strong><br data-start=\"1825\" data-end=\"1828\" \/>\u2714 Modelo ic\u00f3nico del mundo del motor<br data-start=\"1864\" data-end=\"1867\" \/>\u2714 Dise\u00f1o deportivo con acabados de lujo<br data-start=\"1906\" data-end=\"1909\" \/>\u2714 R\u00e9plica exacta 1:1 con cron\u00f3grafo real en SUPERCLON<br data-start=\"1962\" data-end=\"1965\" \/>\u2714 Uno de los relojes m\u00e1s deseados y exclusivos<\/p>\n<hr data-start=\"2015\" data-end=\"2018\" \/>\n<p data-start=\"2020\" data-end=\"2061\">\ud83d\ude80 <strong data-start=\"2023\" data-end=\"2059\">Env\u00edo Seguro + Garant\u00eda Incluida<\/strong><\/p>\n<ul data-start=\"2062\" data-end=\"2228\">\n<li data-section-id=\"9no3xw\" data-start=\"2062\" data-end=\"2097\">Env\u00edo internacional con rastreo<\/li>\n<li data-section-id=\"10ghcmj\" data-start=\"2098\" data-end=\"2145\">Garant\u00eda de 30 d\u00edas por defectos de f\u00e1brica<\/li>\n<li data-section-id=\"znaodm\" data-start=\"2146\" data-end=\"2186\">Soporte 24\/7 en espa\u00f1ol v\u00eda WhatsApp<\/li>\n<li data-section-id=\"155dy12\" data-start=\"2187\" data-end=\"2228\">Pagos 100% protegidos con cifrado SSL<\/li>\n<\/ul>\n<hr data-start=\"2230\" data-end=\"2233\" \/>\n<p data-start=\"2235\" data-end=\"2313\" data-is-last-node=\"\" data-is-only-node=\"\">\ud83c\udfc1 <strong data-start=\"2238\" data-end=\"2313\" data-is-last-node=\"\">El cron\u00f3grafo definitivo, potencia, lujo y precisi\u00f3n real en tu mu\u00f1eca.<\/strong><\/p>\n<\/div>\n<\/div>\n<\/div>\n<\/div>\n<div class=\"z-0 flex min-h-[46px] justify-start\"><\/div>\n<div class=\"mt-3 w-full empty:hidden\">\n<div class=\"text-center\"><\/div>\n<\/div>\n<\/div>\n<\/div>\n<\/section>\n<\/div>\n<div class=\"pointer-events-none h-px w-px absolute bottom-0\" aria-hidden=\"true\" data-edge=\"true\"><\/div>\n","protected":false},"excerpt":{"rendered":"<p>Rolex Cosmograph Daytona Black Dial Rolesor \u2013 Ref. 116503R\u00e9plica Suiza 1:1 en Rolesor Amarillo (ba\u00f1o en oro amarillo 18k) con esfera negra y bisel taquim\u00e9trico El Rolex Daytona es uno de los modelos m\u00e1s ic\u00f3nicos y deportivos de la marca. Esta versi\u00f3n con esfera negra y detalles en oro amarillo destaca por su est\u00e9tica agresiva [&hellip;]<\/p>\n","protected":false},"featured_media":4522,"template":"","meta":{"_acf_changed":false,"om_disable_all_campaigns":false,"_uag_custom_page_level_css":"","_monsterinsights_skip_tracking":false,"_monsterinsights_sitenote_active":false,"_monsterinsights_sitenote_note":"","_monsterinsights_sitenote_category":0,"site-sidebar-layout":"default","site-content-layout":"","ast-site-content-layout":"default","site-content-style":"default","site-sidebar-style":"default","ast-global-header-display":"","ast-banner-title-visibility":"","ast-main-header-display":"","ast-hfb-above-header-display":"","ast-hfb-below-header-display":"","ast-hfb-mobile-header-display":"","site-post-title":"","ast-breadcrumbs-content":"","ast-featured-img":"","footer-sml-layout":"","ast-disable-related-posts":"","theme-transparent-header-meta":"default","adv-header-id-meta":"","stick-header-meta":"","header-above-stick-meta":"","header-main-stick-meta":"","header-below-stick-meta":"","astra-migrate-meta-layouts":"set","ast-page-background-enabled":"default","ast-page-background-meta":{"desktop":{"background-color":"var(--ast-global-color-4)","background-image":"","background-repeat":"repeat","background-position":"center center","background-size":"auto","background-attachment":"scroll","background-type":"","background-media":"","overlay-type":"","overlay-color":"","overlay-opacity":"","overlay-gradient":""},"tablet":{"background-color":"","background-image":"","background-repeat":"repeat","background-position":"center center","background-size":"auto","background-attachment":"scroll","background-type":"","background-media":"","overlay-type":"","overlay-color":"","overlay-opacity":"","overlay-gradient":""},"mobile":{"background-color":"","background-image":"","background-repeat":"repeat","background-position":"center center","background-size":"auto","background-attachment":"scroll","background-type":"","background-media":"","overlay-type":"","overlay-color":"","overlay-opacity":"","overlay-gradient":""}},"ast-content-background-meta":{"desktop":{"background-color":"var(--ast-global-color-5)","background-image":"","background-repeat":"repeat","background-position":"center center","background-size":"auto","background-attachment":"scroll","background-type":"","background-media":"","overlay-type":"","overlay-color":"","overlay-opacity":"","overlay-gradient":""},"tablet":{"background-color":"var(--ast-global-color-5)","background-image":"","background-repeat":"repeat","background-position":"center center","background-size":"auto","background-attachment":"scroll","background-type":"","background-media":"","overlay-type":"","overlay-color":"","overlay-opacity":"","overlay-gradient":""},"mobile":{"background-color":"var(--ast-global-color-5)","background-image":"","background-repeat":"repeat","background-position":"center center","background-size":"auto","background-attachment":"scroll","background-type":"","background-media":"","overlay-type":"","overlay-color":"","overlay-opacity":"","overlay-gradient":""}}},"product_brand":[],"product_cat":[27],"product_tag":[],"class_list":{"0":"post-4470","1":"product","2":"type-product","3":"status-publish","4":"has-post-thumbnail","6":"product_cat-rolex","7":"desktop-align-left","8":"tablet-align-left","9":"mobile-align-left","11":"first","12":"instock","13":"shipping-taxable","14":"purchasable","15":"product-type-variable"},"acf":[],"uagb_featured_image_src":{"full":["https:\/\/clonsuizo.com\/wp-content\/uploads\/2025\/05\/Rolex-GMT-Master-II-gold-jubilee-2025-04-22T144427.798.png",1030,1030,false],"thumbnail":["https:\/\/clonsuizo.com\/wp-content\/uploads\/2025\/05\/Rolex-GMT-Master-II-gold-jubilee-2025-04-22T144427.798-150x150.png",150,150,true],"medium":["https:\/\/clonsuizo.com\/wp-content\/uploads\/2025\/05\/Rolex-GMT-Master-II-gold-jubilee-2025-04-22T144427.798-300x300.png",300,300,true],"medium_large":["https:\/\/clonsuizo.com\/wp-content\/uploads\/2025\/05\/Rolex-GMT-Master-II-gold-jubilee-2025-04-22T144427.798-768x768.png",768,768,true],"large":["https:\/\/clonsuizo.com\/wp-content\/uploads\/2025\/05\/Rolex-GMT-Master-II-gold-jubilee-2025-04-22T144427.798-1024x1024.png",1024,1024,true],"1536x1536":["https:\/\/clonsuizo.com\/wp-content\/uploads\/2025\/05\/Rolex-GMT-Master-II-gold-jubilee-2025-04-22T144427.798.png",1030,1030,false],"2048x2048":["https:\/\/clonsuizo.com\/wp-content\/uploads\/2025\/05\/Rolex-GMT-Master-II-gold-jubilee-2025-04-22T144427.798.png",1030,1030,false],"mailpoet_newsletter_max":["https:\/\/clonsuizo.com\/wp-content\/uploads\/2025\/05\/Rolex-GMT-Master-II-gold-jubilee-2025-04-22T144427.798.png",1030,1030,false],"woocommerce_thumbnail":["https:\/\/clonsuizo.com\/wp-content\/uploads\/2025\/05\/Rolex-GMT-Master-II-gold-jubilee-2025-04-22T144427.798-420x420.png",420,420,true],"woocommerce_single":["https:\/\/clonsuizo.com\/wp-content\/uploads\/2025\/05\/Rolex-GMT-Master-II-gold-jubilee-2025-04-22T144427.798-380x380.png",380,380,true],"woocommerce_gallery_thumbnail":["https:\/\/clonsuizo.com\/wp-content\/uploads\/2025\/05\/Rolex-GMT-Master-II-gold-jubilee-2025-04-22T144427.798-100x100.png",100,100,true],"variation_swatches_image_size":["https:\/\/clonsuizo.com\/wp-content\/uploads\/2025\/05\/Rolex-GMT-Master-II-gold-jubilee-2025-04-22T144427.798-50x50.png",50,50,true],"variation_swatches_tooltip_size":["https:\/\/clonsuizo.com\/wp-content\/uploads\/2025\/05\/Rolex-GMT-Master-II-gold-jubilee-2025-04-22T144427.798-100x100.png",100,100,true]},"uagb_author_info":{"display_name":"clonsuizo.com","author_link":"https:\/\/clonsuizo.com\/?author=0"},"uagb_comment_info":0,"uagb_excerpt":"Rolex Cosmograph Daytona Black Dial Rolesor \u2013 Ref. 116503R\u00e9plica Suiza 1:1 en Rolesor Amarillo (ba\u00f1o en oro amarillo 18k) con esfera negra y bisel taquim\u00e9trico El Rolex Daytona es uno de los modelos m\u00e1s ic\u00f3nicos y deportivos de la marca. Esta versi\u00f3n con esfera negra y detalles en oro amarillo destaca por su est\u00e9tica agresiva&hellip;","_links":{"self":[{"href":"https:\/\/clonsuizo.com\/index.php?rest_route=\/wp\/v2\/product\/4470","targetHints":{"allow":["GET"]}}],"collection":[{"href":"https:\/\/clonsuizo.com\/index.php?rest_route=\/wp\/v2\/product"}],"about":[{"href":"https:\/\/clonsuizo.com\/index.php?rest_route=\/wp\/v2\/types\/product"}],"version-history":[{"count":2,"href":"https:\/\/clonsuizo.com\/index.php?rest_route=\/wp\/v2\/product\/4470\/revisions"}],"predecessor-version":[{"id":5979,"href":"https:\/\/clonsuizo.com\/index.php?rest_route=\/wp\/v2\/product\/4470\/revisions\/5979"}],"wp:featuredmedia":[{"embeddable":true,"href":"https:\/\/clonsuizo.com\/index.php?rest_route=\/wp\/v2\/media\/4522"}],"wp:attachment":[{"href":"https:\/\/clonsuizo.com\/index.php?rest_route=%2Fwp%2Fv2%2Fmedia&parent=4470"}],"wp:term":[{"taxonomy":"product_brand","embeddable":true,"href":"https:\/\/clonsuizo.com\/index.php?rest_route=%2Fwp%2Fv2%2Fproduct_brand&post=4470"},{"taxonomy":"product_cat","embeddable":true,"href":"https:\/\/clonsuizo.com\/index.php?rest_route=%2Fwp%2Fv2%2Fproduct_cat&post=4470"},{"taxonomy":"product_tag","embeddable":true,"href":"https:\/\/clonsuizo.com\/index.php?rest_route=%2Fwp%2Fv2%2Fproduct_tag&post=4470"}],"curies":[{"name":"wp","href":"https:\/\/api.w.org\/{rel}","templated":true}]}}