{"id":4235,"date":"2025-05-05T01:31:38","date_gmt":"2025-05-04T23:31:38","guid":{"rendered":"https:\/\/clonsuizo.com\/?post_type=product&#038;p=4235"},"modified":"2026-03-21T22:45:37","modified_gmt":"2026-03-21T21:45:37","slug":"rolex-gmt-master-ii-pepsi-40mm-ref-126710blro","status":"publish","type":"product","link":"https:\/\/clonsuizo.com\/?product=rolex-gmt-master-ii-pepsi-40mm-ref-126710blro","title":{"rendered":"Rolex GMT-Master II Pepsi 40mm ref. 126710BLRO"},"content":{"rendered":"<div class=\"flex flex-col text-sm pb-25\">\n<section class=\"text-token-text-primary w-full focus:outline-none [--shadow-height:45px] has-data-writing-block:pointer-events-none has-data-writing-block:-mt-(--shadow-height) has-data-writing-block:pt-(--shadow-height) [&amp;:has([data-writing-block])&gt;*]:pointer-events-auto scroll-mt-[calc(var(--header-height)+min(200px,max(70px,20svh)))]\" dir=\"auto\" data-turn-id=\"request-WEB:7151a0fc-52d8-4d3e-ad18-06105aa0019e-36\" data-testid=\"conversation-turn-158\" data-scroll-anchor=\"true\" data-turn=\"assistant\">\n<div class=\"text-base my-auto mx-auto pb-10 [--thread-content-margin:var(--thread-content-margin-xs,calc(var(--spacing)*4))] @w-sm\/main:[--thread-content-margin:var(--thread-content-margin-sm,calc(var(--spacing)*6))] @w-lg\/main:[--thread-content-margin:var(--thread-content-margin-lg,calc(var(--spacing)*16))] px-(--thread-content-margin)\">\n<div class=\"[--thread-content-max-width:40rem] @w-lg\/main:[--thread-content-max-width:48rem] mx-auto max-w-(--thread-content-max-width) flex-1 group\/turn-messages focus-visible:outline-hidden relative flex w-full min-w-0 flex-col agent-turn\">\n<div class=\"flex max-w-full flex-col gap-4 grow\">\n<div class=\"min-h-8 text-message relative flex w-full flex-col items-end gap-2 text-start break-words whitespace-normal outline-none keyboard-focused:focus-ring [.text-message+&amp;]:mt-1\" dir=\"auto\" tabindex=\"0\" data-message-author-role=\"assistant\" data-message-id=\"9960e361-2ddb-4e1e-b55a-34772c2291d2\" data-message-model-slug=\"gpt-5-3\" data-turn-start-message=\"true\">\n<div class=\"flex w-full flex-col gap-1 empty:hidden\">\n<div class=\"markdown prose dark:prose-invert w-full wrap-break-word light markdown-new-styling\">\n<p data-start=\"98\" data-end=\"248\"><strong data-start=\"98\" data-end=\"158\">Rolex GMT-Master II \u201cPepsi\u201d Black Dial \u2013 Ref. 126710BLRO<\/strong><br data-start=\"158\" data-end=\"161\" \/><em data-start=\"161\" data-end=\"248\">R\u00e9plica Suiza 1:1 en acero 904L con bisel cer\u00e1mico rojo\/azul y dise\u00f1o cl\u00e1sico ic\u00f3nico<\/em><\/p>\n<p data-start=\"250\" data-end=\"487\">El GMT-Master II \u201cPepsi\u201d es uno de los relojes m\u00e1s reconocibles del mundo. Su bisel cer\u00e1mico en rojo y azul lo convierte en un icono absoluto dentro de Rolex. Dise\u00f1ado para pilotos, permite leer dos husos horarios de forma independiente.<\/p>\n<p data-start=\"489\" data-end=\"532\">Una pieza hist\u00f3rica que nunca pasa de moda.<\/p>\n<hr data-start=\"534\" data-end=\"537\" \/>\n<p data-start=\"539\" data-end=\"559\"><strong data-start=\"539\" data-end=\"559\">Caracter\u00edsticas:<\/strong><\/p>\n<ul data-start=\"560\" data-end=\"983\">\n<li data-section-id=\"1jvn71p\" data-start=\"560\" data-end=\"614\">Caja: 40 mm, acero inoxidable 904L (seg\u00fan calidad)<\/li>\n<li data-section-id=\"1ndwqtg\" data-start=\"615\" data-end=\"652\">Cristal: Zafiro con lente Cyclops<\/li>\n<li data-section-id=\"1t6rh5d\" data-start=\"653\" data-end=\"707\">Movimiento: Autom\u00e1tico GMT clonado (seg\u00fan calidad)<\/li>\n<li data-section-id=\"1jsiq84\" data-start=\"708\" data-end=\"783\">Funciones: Hora, minutos, segundero, fecha y segundo huso horario (GMT)<\/li>\n<li data-section-id=\"379tzt\" data-start=\"784\" data-end=\"825\">Dial: Negro con \u00edndices luminiscentes<\/li>\n<li data-section-id=\"l3izpk\" data-start=\"826\" data-end=\"879\">Bisel: Cer\u00e1mico bicolor rojo\/azul (bidireccional)<\/li>\n<li data-section-id=\"2sb9b6\" data-start=\"880\" data-end=\"899\">Aguja GMT: Roja<\/li>\n<li data-section-id=\"1ekqbba\" data-start=\"900\" data-end=\"954\">Pulsera: Oyster o Jubilee (a elecci\u00f3n del cliente)<\/li>\n<li data-section-id=\"1nw1wz4\" data-start=\"955\" data-end=\"983\">Hermeticidad: 100 metros<\/li>\n<\/ul>\n<hr data-start=\"985\" data-end=\"988\" \/>\n<p data-start=\"990\" data-end=\"1016\"><strong data-start=\"990\" data-end=\"1016\">Calidades Disponibles:<\/strong><\/p>\n<ul data-start=\"1018\" data-end=\"1560\">\n<li data-section-id=\"lapesm\" data-start=\"1018\" data-end=\"1173\"><strong data-start=\"1020\" data-end=\"1028\">AAA+<\/strong>: Acero 904L (aleaci\u00f3n baja), cristal de zafiro, 21,600 alternancias, movimiento b\u00e1sico (funci\u00f3n GMT est\u00e9tica) (no recomendable, sin reparaci\u00f3n).<\/li>\n<li data-section-id=\"2vio0y\" data-start=\"1175\" data-end=\"1342\"><strong data-start=\"1177\" data-end=\"1185\">CLON<\/strong>: Acero 904L (aleaci\u00f3n media), cristal de zafiro, Miyota super (Japon\u00e9s, gama alta de Miyota), 21,600 alternancias, funci\u00f3n GMT funcional b\u00e1sica (reparable).<\/li>\n<li data-section-id=\"1m9fmzz\" data-start=\"1344\" data-end=\"1560\"><strong data-start=\"1346\" data-end=\"1359\">SUPERCLON<\/strong>: Acero 904L (aleaci\u00f3n alta), cristal de zafiro, maquinaria suiza completamente replicada del original (Cal. 3285), 28,800 alternancias, funci\u00f3n GMT completamente funcional e independiente (reparable).<\/li>\n<\/ul>\n<hr data-start=\"1562\" data-end=\"1565\" \/>\n<p data-start=\"1567\" data-end=\"1743\"><strong data-start=\"1567\" data-end=\"1602\">\u00bfPor qu\u00e9 elegir el GMT \u201cPepsi\u201d?<\/strong><br data-start=\"1602\" data-end=\"1605\" \/>\u2714 El GMT m\u00e1s ic\u00f3nico de la historia<br data-start=\"1640\" data-end=\"1643\" \/>\u2714 Bisel rojo\/azul inconfundible<br data-start=\"1674\" data-end=\"1677\" \/>\u2714 Funci\u00f3n GMT real en SUPERCLON<br data-start=\"1708\" data-end=\"1711\" \/>\u2714 Alta revalorizaci\u00f3n est\u00e9tica<\/p>\n<hr data-start=\"1745\" data-end=\"1748\" \/>\n<p data-start=\"1750\" data-end=\"1791\">\ud83d\ude80 <strong data-start=\"1753\" data-end=\"1789\">Env\u00edo Seguro + Garant\u00eda Incluida<\/strong><\/p>\n<ul data-start=\"1792\" data-end=\"1958\">\n<li data-section-id=\"9no3xw\" data-start=\"1792\" data-end=\"1827\">Env\u00edo internacional con rastreo<\/li>\n<li data-section-id=\"10ghcmj\" data-start=\"1828\" data-end=\"1875\">Garant\u00eda de 30 d\u00edas por defectos de f\u00e1brica<\/li>\n<li data-section-id=\"znaodm\" data-start=\"1876\" data-end=\"1916\">Soporte 24\/7 en espa\u00f1ol v\u00eda WhatsApp<\/li>\n<li data-section-id=\"155dy12\" data-start=\"1917\" data-end=\"1958\">Pagos 100% protegidos con cifrado SSL<\/li>\n<\/ul>\n<hr data-start=\"1960\" data-end=\"1963\" \/>\n<p data-start=\"1965\" data-end=\"2023\" data-is-last-node=\"\" data-is-only-node=\"\">\ud83d\udd34\ud83d\udd35 <strong data-start=\"1970\" data-end=\"2023\" data-is-last-node=\"\">El Rolex GMT m\u00e1s legendario de todos los tiempos.<\/strong><\/p>\n<\/div>\n<\/div>\n<\/div>\n<\/div>\n<div class=\"z-0 flex min-h-[46px] justify-start\"><\/div>\n<div class=\"mt-3 w-full empty:hidden\">\n<div class=\"text-center\"><\/div>\n<\/div>\n<\/div>\n<\/div>\n<\/section>\n<\/div>\n<div class=\"pointer-events-none h-px w-px absolute bottom-0\" aria-hidden=\"true\" data-edge=\"true\"><\/div>\n","protected":false},"excerpt":{"rendered":"<p>Rolex GMT-Master II \u201cPepsi\u201d Black Dial \u2013 Ref. 126710BLROR\u00e9plica Suiza 1:1 en acero 904L con bisel cer\u00e1mico rojo\/azul y dise\u00f1o cl\u00e1sico ic\u00f3nico El GMT-Master II \u201cPepsi\u201d es uno de los relojes m\u00e1s reconocibles del mundo. Su bisel cer\u00e1mico en rojo y azul lo convierte en un icono absoluto dentro de Rolex. Dise\u00f1ado para pilotos, permite [&hellip;]<\/p>\n","protected":false},"featured_media":4280,"template":"","meta":{"_acf_changed":false,"om_disable_all_campaigns":false,"_uag_custom_page_level_css":"","_monsterinsights_skip_tracking":false,"_monsterinsights_sitenote_active":false,"_monsterinsights_sitenote_note":"","_monsterinsights_sitenote_category":0,"site-sidebar-layout":"default","site-content-layout":"","ast-site-content-layout":"default","site-content-style":"default","site-sidebar-style":"default","ast-global-header-display":"","ast-banner-title-visibility":"","ast-main-header-display":"","ast-hfb-above-header-display":"","ast-hfb-below-header-display":"","ast-hfb-mobile-header-display":"","site-post-title":"","ast-breadcrumbs-content":"","ast-featured-img":"","footer-sml-layout":"","ast-disable-related-posts":"","theme-transparent-header-meta":"default","adv-header-id-meta":"","stick-header-meta":"","header-above-stick-meta":"","header-main-stick-meta":"","header-below-stick-meta":"","astra-migrate-meta-layouts":"set","ast-page-background-enabled":"default","ast-page-background-meta":{"desktop":{"background-color":"var(--ast-global-color-4)","background-image":"","background-repeat":"repeat","background-position":"center center","background-size":"auto","background-attachment":"scroll","background-type":"","background-media":"","overlay-type":"","overlay-color":"","overlay-opacity":"","overlay-gradient":""},"tablet":{"background-color":"","background-image":"","background-repeat":"repeat","background-position":"center center","background-size":"auto","background-attachment":"scroll","background-type":"","background-media":"","overlay-type":"","overlay-color":"","overlay-opacity":"","overlay-gradient":""},"mobile":{"background-color":"","background-image":"","background-repeat":"repeat","background-position":"center center","background-size":"auto","background-attachment":"scroll","background-type":"","background-media":"","overlay-type":"","overlay-color":"","overlay-opacity":"","overlay-gradient":""}},"ast-content-background-meta":{"desktop":{"background-color":"var(--ast-global-color-5)","background-image":"","background-repeat":"repeat","background-position":"center center","background-size":"auto","background-attachment":"scroll","background-type":"","background-media":"","overlay-type":"","overlay-color":"","overlay-opacity":"","overlay-gradient":""},"tablet":{"background-color":"var(--ast-global-color-5)","background-image":"","background-repeat":"repeat","background-position":"center center","background-size":"auto","background-attachment":"scroll","background-type":"","background-media":"","overlay-type":"","overlay-color":"","overlay-opacity":"","overlay-gradient":""},"mobile":{"background-color":"var(--ast-global-color-5)","background-image":"","background-repeat":"repeat","background-position":"center center","background-size":"auto","background-attachment":"scroll","background-type":"","background-media":"","overlay-type":"","overlay-color":"","overlay-opacity":"","overlay-gradient":""}}},"product_brand":[],"product_cat":[27,38],"product_tag":[],"class_list":{"0":"post-4235","1":"product","2":"type-product","3":"status-publish","4":"has-post-thumbnail","6":"product_cat-rolex","7":"product_cat-top-ventas","8":"desktop-align-left","9":"tablet-align-left","10":"mobile-align-left","12":"first","13":"instock","14":"shipping-taxable","15":"purchasable","16":"product-type-variable"},"acf":[],"uagb_featured_image_src":{"full":["https:\/\/clonsuizo.com\/wp-content\/uploads\/2025\/05\/Rolex-GMT-Master-II-gold-jubilee-2025-04-22T151155.678.png",1030,1030,false],"thumbnail":["https:\/\/clonsuizo.com\/wp-content\/uploads\/2025\/05\/Rolex-GMT-Master-II-gold-jubilee-2025-04-22T151155.678-150x150.png",150,150,true],"medium":["https:\/\/clonsuizo.com\/wp-content\/uploads\/2025\/05\/Rolex-GMT-Master-II-gold-jubilee-2025-04-22T151155.678-300x300.png",300,300,true],"medium_large":["https:\/\/clonsuizo.com\/wp-content\/uploads\/2025\/05\/Rolex-GMT-Master-II-gold-jubilee-2025-04-22T151155.678-768x768.png",768,768,true],"large":["https:\/\/clonsuizo.com\/wp-content\/uploads\/2025\/05\/Rolex-GMT-Master-II-gold-jubilee-2025-04-22T151155.678-1024x1024.png",1024,1024,true],"1536x1536":["https:\/\/clonsuizo.com\/wp-content\/uploads\/2025\/05\/Rolex-GMT-Master-II-gold-jubilee-2025-04-22T151155.678.png",1030,1030,false],"2048x2048":["https:\/\/clonsuizo.com\/wp-content\/uploads\/2025\/05\/Rolex-GMT-Master-II-gold-jubilee-2025-04-22T151155.678.png",1030,1030,false],"mailpoet_newsletter_max":["https:\/\/clonsuizo.com\/wp-content\/uploads\/2025\/05\/Rolex-GMT-Master-II-gold-jubilee-2025-04-22T151155.678.png",1030,1030,false],"woocommerce_thumbnail":["https:\/\/clonsuizo.com\/wp-content\/uploads\/2025\/05\/Rolex-GMT-Master-II-gold-jubilee-2025-04-22T151155.678-420x420.png",420,420,true],"woocommerce_single":["https:\/\/clonsuizo.com\/wp-content\/uploads\/2025\/05\/Rolex-GMT-Master-II-gold-jubilee-2025-04-22T151155.678-380x380.png",380,380,true],"woocommerce_gallery_thumbnail":["https:\/\/clonsuizo.com\/wp-content\/uploads\/2025\/05\/Rolex-GMT-Master-II-gold-jubilee-2025-04-22T151155.678-100x100.png",100,100,true],"variation_swatches_image_size":["https:\/\/clonsuizo.com\/wp-content\/uploads\/2025\/05\/Rolex-GMT-Master-II-gold-jubilee-2025-04-22T151155.678-50x50.png",50,50,true],"variation_swatches_tooltip_size":["https:\/\/clonsuizo.com\/wp-content\/uploads\/2025\/05\/Rolex-GMT-Master-II-gold-jubilee-2025-04-22T151155.678-100x100.png",100,100,true]},"uagb_author_info":{"display_name":"clonsuizo.com","author_link":"https:\/\/clonsuizo.com\/?author=0"},"uagb_comment_info":0,"uagb_excerpt":"Rolex GMT-Master II \u201cPepsi\u201d Black Dial \u2013 Ref. 126710BLROR\u00e9plica Suiza 1:1 en acero 904L con bisel cer\u00e1mico rojo\/azul y dise\u00f1o cl\u00e1sico ic\u00f3nico El GMT-Master II \u201cPepsi\u201d es uno de los relojes m\u00e1s reconocibles del mundo. Su bisel cer\u00e1mico en rojo y azul lo convierte en un icono absoluto dentro de Rolex. Dise\u00f1ado para pilotos, permite&hellip;","_links":{"self":[{"href":"https:\/\/clonsuizo.com\/index.php?rest_route=\/wp\/v2\/product\/4235","targetHints":{"allow":["GET"]}}],"collection":[{"href":"https:\/\/clonsuizo.com\/index.php?rest_route=\/wp\/v2\/product"}],"about":[{"href":"https:\/\/clonsuizo.com\/index.php?rest_route=\/wp\/v2\/types\/product"}],"version-history":[{"count":2,"href":"https:\/\/clonsuizo.com\/index.php?rest_route=\/wp\/v2\/product\/4235\/revisions"}],"predecessor-version":[{"id":6011,"href":"https:\/\/clonsuizo.com\/index.php?rest_route=\/wp\/v2\/product\/4235\/revisions\/6011"}],"wp:featuredmedia":[{"embeddable":true,"href":"https:\/\/clonsuizo.com\/index.php?rest_route=\/wp\/v2\/media\/4280"}],"wp:attachment":[{"href":"https:\/\/clonsuizo.com\/index.php?rest_route=%2Fwp%2Fv2%2Fmedia&parent=4235"}],"wp:term":[{"taxonomy":"product_brand","embeddable":true,"href":"https:\/\/clonsuizo.com\/index.php?rest_route=%2Fwp%2Fv2%2Fproduct_brand&post=4235"},{"taxonomy":"product_cat","embeddable":true,"href":"https:\/\/clonsuizo.com\/index.php?rest_route=%2Fwp%2Fv2%2Fproduct_cat&post=4235"},{"taxonomy":"product_tag","embeddable":true,"href":"https:\/\/clonsuizo.com\/index.php?rest_route=%2Fwp%2Fv2%2Fproduct_tag&post=4235"}],"curies":[{"name":"wp","href":"https:\/\/api.w.org\/{rel}","templated":true}]}}