{"id":1985,"date":"2023-09-12T13:33:55","date_gmt":"2023-09-12T11:33:55","guid":{"rendered":"https:\/\/clonsuizo.com\/?page_id=1985"},"modified":"2026-03-21T19:27:09","modified_gmt":"2026-03-21T18:27:09","slug":"terminos-y-condiciones","status":"publish","type":"page","link":"https:\/\/clonsuizo.com\/?page_id=1985","title":{"rendered":"T\u00e9rminos y Condiciones"},"content":{"rendered":"<p>T\u00e9rminos y Condiciones de ClonSuizo.com<br \/>\n\u00daltima actualizaci\u00f3n: [19\/01\/2023]<br \/>\nPor favor, lea atentamente estos T\u00e9rminos y Condiciones antes de utilizar ClonSuizo.com (\u00abnosotros\u00bb, \u00abnuestra\u00bb o \u00abla Tienda\u00bb). Al acceder o utilizar nuestros servicios, usted acepta estar sujeto a estos T\u00e9rminos y Condiciones.<br \/>\n1. Descripci\u00f3n de Servicios<br \/>\nClonSuizo.com act\u00faa como intermediario en la venta de r\u00e9plicas de relojes de lujo. Los productos que ofrecemos son r\u00e9plicas de relojes de lujo y no son originales. ClonSuizo.com no es el fabricante ni el propietario de estos productos. Nosotros facilitamos la compra de r\u00e9plicas a trav\u00e9s de nuestra plataforma en l\u00ednea, y nos hacemos responsables de que reciba la calidad descrita.<br \/>\n2. Uso Responsable<br \/>\nAl utilizar nuestros servicios, usted acepta que:<br \/>\nSolo utilizar\u00e1 los productos adquiridos para fines legales y \u00e9ticos.<br \/>\nEntiende que las r\u00e9plicas de relojes de lujo no son originales y pueden diferir en calidad y detalles.<br \/>\nNo har\u00e1 un uso indebido de los productos adquiridos para actividades ilegales o fraudulentas.<br \/>\n3. Compras y Pedidos<br \/>\nPara realizar una compra en ClonSuizo.com, debe proporcionar informaci\u00f3n precisa y completa, incluyendo informaci\u00f3n de pago v\u00e1lida. Al realizar una compra, acepta pagar el precio total indicado, incluyendo impuestos y gastos de env\u00edo.<br \/>\n4. Responsabilidad Limitada<br \/>\nClonSuizo.com no es fabricante ni propietario de las r\u00e9plicas, pero s\u00ed nos responsabilizamos de que el producto entregado coincida con la calidad y la descripci\u00f3n mostrada en nuestra web. Si el producto no cumple, nos comprometemos a resolverlo directamente contigo.<br \/>\n5. Privacidad<br \/>\nSu privacidad es importante para nosotros. Consulte nuestra Pol\u00edtica de Privacidad para obtener informaci\u00f3n sobre c\u00f3mo recopilamos, utilizamos y protegemos su informaci\u00f3n personal.<br \/>\n6. Cambios en los T\u00e9rminos y Condiciones<br \/>\nNos reservamos el derecho de actualizar estos T\u00e9rminos y Condiciones en cualquier momento para reflejar cambios en nuestras operaciones o en la oferta de productos. Le recomendamos que revise estos t\u00e9rminos regularmente.<br \/>\n7. Ley Aplicable<br \/>\nEstos T\u00e9rminos y Condiciones est\u00e1n sujetos a las leyes y regulaciones aplicables en su jurisdicci\u00f3n. Cualquier disputa relacionada con estos t\u00e9rminos ser\u00e1 resuelta de acuerdo con las leyes vigentes.<br \/>\n8. Contacto<br \/>\nContacto: Si tiene alguna pregunta o inquietud con respecto a estos T\u00e9rminos y Condiciones, por favor cont\u00e1ctenos directamente haciendo clic en el icono de WhatsApp en la esquina inferior derecha de nuestra web.<\/p>\n","protected":false},"excerpt":{"rendered":"<p>T\u00e9rminos y Condiciones de ClonSuizo.com \u00daltima actualizaci\u00f3n: [19\/01\/2023] Por favor, lea atentamente estos T\u00e9rminos y Condiciones antes de utilizar ClonSuizo.com (\u00abnosotros\u00bb, \u00abnuestra\u00bb o \u00abla Tienda\u00bb). Al acceder o utilizar nuestros servicios, usted acepta estar sujeto a estos T\u00e9rminos y Condiciones. 1. Descripci\u00f3n de Servicios ClonSuizo.com act\u00faa como intermediario en la venta de r\u00e9plicas de relojes [&hellip;]<\/p>\n","protected":false},"author":1,"featured_media":0,"parent":0,"menu_order":0,"comment_status":"closed","ping_status":"closed","template":"","meta":{"_acf_changed":false,"om_disable_all_campaigns":false,"_uag_custom_page_level_css":"","_monsterinsights_skip_tracking":false,"_monsterinsights_sitenote_active":false,"_monsterinsights_sitenote_note":"","_monsterinsights_sitenote_category":0,"site-sidebar-layout":"default","site-content-layout":"","ast-site-content-layout":"default","site-content-style":"default","site-sidebar-style":"default","ast-global-header-display":"","ast-banner-title-visibility":"","ast-main-header-display":"","ast-hfb-above-header-display":"","ast-hfb-below-header-display":"","ast-hfb-mobile-header-display":"","site-post-title":"","ast-breadcrumbs-content":"","ast-featured-img":"","footer-sml-layout":"","ast-disable-related-posts":"","theme-transparent-header-meta":"","adv-header-id-meta":"","stick-header-meta":"","header-above-stick-meta":"","header-main-stick-meta":"","header-below-stick-meta":"","astra-migrate-meta-layouts":"set","ast-page-background-enabled":"default","ast-page-background-meta":{"desktop":{"background-color":"var(--ast-global-color-4)","background-image":"","background-repeat":"repeat","background-position":"center center","background-size":"auto","background-attachment":"scroll","background-type":"","background-media":"","overlay-type":"","overlay-color":"","overlay-opacity":"","overlay-gradient":""},"tablet":{"background-color":"","background-image":"","background-repeat":"repeat","background-position":"center center","background-size":"auto","background-attachment":"scroll","background-type":"","background-media":"","overlay-type":"","overlay-color":"","overlay-opacity":"","overlay-gradient":""},"mobile":{"background-color":"","background-image":"","background-repeat":"repeat","background-position":"center center","background-size":"auto","background-attachment":"scroll","background-type":"","background-media":"","overlay-type":"","overlay-color":"","overlay-opacity":"","overlay-gradient":""}},"ast-content-background-meta":{"desktop":{"background-color":"var(--ast-global-color-5)","background-image":"","background-repeat":"repeat","background-position":"center center","background-size":"auto","background-attachment":"scroll","background-type":"","background-media":"","overlay-type":"","overlay-color":"","overlay-opacity":"","overlay-gradient":""},"tablet":{"background-color":"var(--ast-global-color-5)","background-image":"","background-repeat":"repeat","background-position":"center center","background-size":"auto","background-attachment":"scroll","background-type":"","background-media":"","overlay-type":"","overlay-color":"","overlay-opacity":"","overlay-gradient":""},"mobile":{"background-color":"var(--ast-global-color-5)","background-image":"","background-repeat":"repeat","background-position":"center center","background-size":"auto","background-attachment":"scroll","background-type":"","background-media":"","overlay-type":"","overlay-color":"","overlay-opacity":"","overlay-gradient":""}},"footnotes":""},"class_list":["post-1985","page","type-page","status-publish","hentry"],"acf":[],"uagb_featured_image_src":{"full":false,"thumbnail":false,"medium":false,"medium_large":false,"large":false,"1536x1536":false,"2048x2048":false,"mailpoet_newsletter_max":false,"woocommerce_thumbnail":false,"woocommerce_single":false,"woocommerce_gallery_thumbnail":false,"variation_swatches_image_size":false,"variation_swatches_tooltip_size":false},"uagb_author_info":{"display_name":"clonsuizo.com","author_link":"https:\/\/clonsuizo.com\/?author=1"},"uagb_comment_info":0,"uagb_excerpt":"T\u00e9rminos y Condiciones de ClonSuizo.com \u00daltima actualizaci\u00f3n: [19\/01\/2023] Por favor, lea atentamente estos T\u00e9rminos y Condiciones antes de utilizar ClonSuizo.com (\u00abnosotros\u00bb, \u00abnuestra\u00bb o \u00abla Tienda\u00bb). Al acceder o utilizar nuestros servicios, usted acepta estar sujeto a estos T\u00e9rminos y Condiciones. 1. Descripci\u00f3n de Servicios ClonSuizo.com act\u00faa como intermediario en la venta de r\u00e9plicas de relojes&hellip;","_links":{"self":[{"href":"https:\/\/clonsuizo.com\/index.php?rest_route=\/wp\/v2\/pages\/1985","targetHints":{"allow":["GET"]}}],"collection":[{"href":"https:\/\/clonsuizo.com\/index.php?rest_route=\/wp\/v2\/pages"}],"about":[{"href":"https:\/\/clonsuizo.com\/index.php?rest_route=\/wp\/v2\/types\/page"}],"author":[{"embeddable":true,"href":"https:\/\/clonsuizo.com\/index.php?rest_route=\/wp\/v2\/users\/1"}],"replies":[{"embeddable":true,"href":"https:\/\/clonsuizo.com\/index.php?rest_route=%2Fwp%2Fv2%2Fcomments&post=1985"}],"version-history":[{"count":6,"href":"https:\/\/clonsuizo.com\/index.php?rest_route=\/wp\/v2\/pages\/1985\/revisions"}],"predecessor-version":[{"id":5962,"href":"https:\/\/clonsuizo.com\/index.php?rest_route=\/wp\/v2\/pages\/1985\/revisions\/5962"}],"wp:attachment":[{"href":"https:\/\/clonsuizo.com\/index.php?rest_route=%2Fwp%2Fv2%2Fmedia&parent=1985"}],"curies":[{"name":"wp","href":"https:\/\/api.w.org\/{rel}","templated":true}]}}